{"id":12871,"date":"2025-04-05T18:25:55","date_gmt":"2025-04-05T16:25:55","guid":{"rendered":"https:\/\/asbhp.pl\/produkt\/koszulka-polo-50-50-zolty-kat-ii-bf012\/"},"modified":"2025-06-14T18:21:23","modified_gmt":"2025-06-14T16:21:23","slug":"koszulka-polo-50-50-zolty-kat-ii-bf012","status":"publish","type":"product","link":"https:\/\/asbhp.pl\/?product=koszulka-polo-50-50-zolty-kat-ii-bf012","title":{"rendered":"KOSZULKA POLO 50\/50 \u017b\u00d3\u0141TY KAT. II BF012"},"content":{"rendered":"<p>50% poliester, 50% bawe\u0142na<\/p>\n<p>&nbsp;<\/p>\n<p>Zost\u0119pne warianty:<\/p>\n","protected":false},"excerpt":{"rendered":"<p>50% poliester, 50% bawe\u0142na &nbsp; Zost\u0119pne warianty:<\/p>\n","protected":false},"featured_media":11635,"comment_status":"closed","ping_status":"open","template":"","meta":[],"product_brand":[413],"product_cat":[91,41],"product_tag":[408],"class_list":{"0":"post-12871","1":"product","2":"type-product","3":"status-publish","4":"has-post-thumbnail","6":"product_brand-polstar","7":"product_cat-koszulki","8":"product_cat-odziez-ochronna","9":"product_tag-polstar-holding-woloszczuk-sp-k","11":"first","12":"instock","13":"purchasable","14":"product-type-simple"},"_links":{"self":[{"href":"https:\/\/asbhp.pl\/index.php?rest_route=\/wp\/v2\/product\/12871","targetHints":{"allow":["GET"]}}],"collection":[{"href":"https:\/\/asbhp.pl\/index.php?rest_route=\/wp\/v2\/product"}],"about":[{"href":"https:\/\/asbhp.pl\/index.php?rest_route=\/wp\/v2\/types\/product"}],"replies":[{"embeddable":true,"href":"https:\/\/asbhp.pl\/index.php?rest_route=%2Fwp%2Fv2%2Fcomments&post=12871"}],"wp:featuredmedia":[{"embeddable":true,"href":"https:\/\/asbhp.pl\/index.php?rest_route=\/wp\/v2\/media\/11635"}],"wp:attachment":[{"href":"https:\/\/asbhp.pl\/index.php?rest_route=%2Fwp%2Fv2%2Fmedia&parent=12871"}],"wp:term":[{"taxonomy":"product_brand","embeddable":true,"href":"https:\/\/asbhp.pl\/index.php?rest_route=%2Fwp%2Fv2%2Fproduct_brand&post=12871"},{"taxonomy":"product_cat","embeddable":true,"href":"https:\/\/asbhp.pl\/index.php?rest_route=%2Fwp%2Fv2%2Fproduct_cat&post=12871"},{"taxonomy":"product_tag","embeddable":true,"href":"https:\/\/asbhp.pl\/index.php?rest_route=%2Fwp%2Fv2%2Fproduct_tag&post=12871"}],"curies":[{"name":"wp","href":"https:\/\/api.w.org\/{rel}","templated":true}]}}