{"id":13210,"date":"2025-08-06T19:17:39","date_gmt":"2025-08-06T17:17:39","guid":{"rendered":"https:\/\/asbhp.pl\/produkt\/bluza-ostrzegawcza-przeciwdeszczowa-z-poliestru-powlekanego-na-zewnatrz-poliuretanem-3\/"},"modified":"2025-08-06T19:17:45","modified_gmt":"2025-08-06T17:17:45","slug":"bluza-ostrzegawcza-przeciwdeszczowa-z-poliestru-powlekanego-na-zewnatrz-poliuretanem-3","status":"publish","type":"product","link":"https:\/\/asbhp.pl\/?product=bluza-ostrzegawcza-przeciwdeszczowa-z-poliestru-powlekanego-na-zewnatrz-poliuretanem-3","title":{"rendered":"BLUZA OSTRZEGAWCZA PRZECIWDESZCZOWA Z POLIESTRU POWLEKANEGO NA ZEWN\u0104TRZ POLIURETANEM"},"content":{"rendered":"<h3>BLUZA 900VESHV \u017b\u0141T S<\/h3>\n<p>Bluza przeciwdeszczowa. Szwy zgrzewane. Zapinanie na zamek b\u0142yskawiczny pod listw\u0105 na zatrzaski. Odzie\u017c ostrzegawcza: klasa 3 &#8211; kolor srebrny &#8211; monta\u017c szelkowy i monta\u017c poziomy. 2 kieszenie. Wk\u0142ad: poliester powlekany PU na zewn\u0105trz.<br \/>\nPasy odblaskowe wprasowane.<\/p>\n<p><strong>Kolor:<\/strong> \u017b\u00f3\u0142ty fluo<\/p>\n<p><strong>Rozmiar:<\/strong> S<\/p>\n<p><strong>Zakres rozmiar\u00f3w:<\/strong>\u00a0S \u2192 3XL<\/p>\n<p>&nbsp;<\/p>\n","protected":false},"excerpt":{"rendered":"<p>BLUZA PRZECIWDESZCZOWA Z POLIESTRU POWLEKANEGO NA ZEWN\u0104TRZ POLIURETANEM<\/p>\n","protected":false},"featured_media":13208,"comment_status":"closed","ping_status":"open","template":"","meta":[],"product_brand":[420],"product_cat":[431,41],"product_tag":[],"class_list":{"0":"post-13210","1":"product","2":"type-product","3":"status-publish","4":"has-post-thumbnail","6":"product_brand-deltaplus","7":"product_cat-kamizelka-robocza","8":"product_cat-odziez-ochronna","9":"pa_kolor-zolty-fluo","10":"pa_rozmiar-s","12":"first","13":"instock","14":"product-type-simple"},"_links":{"self":[{"href":"https:\/\/asbhp.pl\/index.php?rest_route=\/wp\/v2\/product\/13210","targetHints":{"allow":["GET"]}}],"collection":[{"href":"https:\/\/asbhp.pl\/index.php?rest_route=\/wp\/v2\/product"}],"about":[{"href":"https:\/\/asbhp.pl\/index.php?rest_route=\/wp\/v2\/types\/product"}],"replies":[{"embeddable":true,"href":"https:\/\/asbhp.pl\/index.php?rest_route=%2Fwp%2Fv2%2Fcomments&post=13210"}],"wp:featuredmedia":[{"embeddable":true,"href":"https:\/\/asbhp.pl\/index.php?rest_route=\/wp\/v2\/media\/13208"}],"wp:attachment":[{"href":"https:\/\/asbhp.pl\/index.php?rest_route=%2Fwp%2Fv2%2Fmedia&parent=13210"}],"wp:term":[{"taxonomy":"product_brand","embeddable":true,"href":"https:\/\/asbhp.pl\/index.php?rest_route=%2Fwp%2Fv2%2Fproduct_brand&post=13210"},{"taxonomy":"product_cat","embeddable":true,"href":"https:\/\/asbhp.pl\/index.php?rest_route=%2Fwp%2Fv2%2Fproduct_cat&post=13210"},{"taxonomy":"product_tag","embeddable":true,"href":"https:\/\/asbhp.pl\/index.php?rest_route=%2Fwp%2Fv2%2Fproduct_tag&post=13210"}],"curies":[{"name":"wp","href":"https:\/\/api.w.org\/{rel}","templated":true}]}}