{"id":13672,"date":"2025-10-10T09:04:11","date_gmt":"2025-10-10T07:04:11","guid":{"rendered":"https:\/\/asbhp.pl\/produkt\/spodnie-robocze-heavyline\/"},"modified":"2025-10-10T09:04:23","modified_gmt":"2025-10-10T07:04:23","slug":"s-szary-3","status":"publish","type":"product","link":"https:\/\/asbhp.pl\/?product=s-szary-3","title":{"rendered":"S Szary"},"content":{"rendered":"<ul>\n<li>elastyczny klin w kroku, 4-kierunkowy stretch<\/li>\n<li>elastyczny karczek w tylnej cz\u0119\u015bci spodni<\/li>\n<li>d\u00f3\u0142 nogawek z CORDURA<\/li>\n<li>elementy kontrastowe<\/li>\n<li>wentylacja na nogawkach<\/li>\n<li>kieszenie na kolanach z CORDURA na wk\u0142adki piankowe<\/li>\n<li>liczne, funkcjonalne kieszenie z CORDURA<\/li>\n<li>kiesze\u0144 z mocowaniem na identyfikator<\/li>\n<li>kieszenie monterskie odpinane na zamek YKK<\/li>\n<li>pas o podwy\u017cszonym stanie z ty\u0142u<\/li>\n<li>gurt spodniowy z gumk\u0105 antypo\u015blizgow\u0105<\/li>\n<\/ul>\n","protected":false},"excerpt":{"rendered":"<p>elastyczny klin w kroku, 4-kierunkowy stretch elastyczny karczek w tylnej cz\u0119\u015bci spodni d\u00f3\u0142 nogawek z CORDURA elementy kontrastowe wentylacja na nogawkach kieszenie na kolanach z CORDURA na wk\u0142adki piankowe liczne, funkcjonalne kieszenie z CORDURA kiesze\u0144 z mocowaniem na identyfikator kieszenie monterskie odpinane na zamek YKK pas o podwy\u017cszonym stanie z ty\u0142u gurt spodniowy z gumk\u0105 [&hellip;]<\/p>\n","protected":false},"featured_media":20417,"comment_status":"closed","ping_status":"open","template":"","meta":[],"product_brand":[483],"product_cat":[440,442],"product_tag":[],"class_list":{"0":"post-13672","1":"product","2":"type-product","3":"status-publish","4":"has-post-thumbnail","6":"product_brand-stalco-perfect","7":"product_cat-odziez-robocza","8":"product_cat-spodnie-robocze","9":"pa_kolor-szary","10":"pa_producent-stalco-perfect","11":"pa_rozmiar-2xl","12":"pa_rozmiar-3xl","13":"pa_rozmiar-l","14":"pa_rozmiar-ls","15":"pa_rozmiar-m","16":"pa_rozmiar-s","17":"pa_rozmiar-xl","18":"pa_waga-1-11","19":"pa_waga-1-14","20":"pa_waga-1-179","21":"pa_waga-1-193","22":"pa_waga-1-21","23":"pa_waga-1-23","24":"pa_waga-1-25","26":"first","27":"instock","28":"shipping-taxable","29":"purchasable","30":"product-type-variable","31":"has-default-attributes"},"_links":{"self":[{"href":"https:\/\/asbhp.pl\/index.php?rest_route=\/wp\/v2\/product\/13672","targetHints":{"allow":["GET"]}}],"collection":[{"href":"https:\/\/asbhp.pl\/index.php?rest_route=\/wp\/v2\/product"}],"about":[{"href":"https:\/\/asbhp.pl\/index.php?rest_route=\/wp\/v2\/types\/product"}],"replies":[{"embeddable":true,"href":"https:\/\/asbhp.pl\/index.php?rest_route=%2Fwp%2Fv2%2Fcomments&post=13672"}],"wp:featuredmedia":[{"embeddable":true,"href":"https:\/\/asbhp.pl\/index.php?rest_route=\/wp\/v2\/media\/20417"}],"wp:attachment":[{"href":"https:\/\/asbhp.pl\/index.php?rest_route=%2Fwp%2Fv2%2Fmedia&parent=13672"}],"wp:term":[{"taxonomy":"product_brand","embeddable":true,"href":"https:\/\/asbhp.pl\/index.php?rest_route=%2Fwp%2Fv2%2Fproduct_brand&post=13672"},{"taxonomy":"product_cat","embeddable":true,"href":"https:\/\/asbhp.pl\/index.php?rest_route=%2Fwp%2Fv2%2Fproduct_cat&post=13672"},{"taxonomy":"product_tag","embeddable":true,"href":"https:\/\/asbhp.pl\/index.php?rest_route=%2Fwp%2Fv2%2Fproduct_tag&post=13672"}],"curies":[{"name":"wp","href":"https:\/\/api.w.org\/{rel}","templated":true}]}}