{"id":13954,"date":"2025-10-10T09:04:11","date_gmt":"2025-10-10T07:04:11","guid":{"rendered":"https:\/\/asbhp.pl\/produkt\/spodnie-robocze-flex-line\/"},"modified":"2025-10-10T09:04:23","modified_gmt":"2025-10-10T07:04:23","slug":"s-szary-4","status":"publish","type":"product","link":"https:\/\/asbhp.pl\/?product=s-szary-4","title":{"rendered":"S Szary"},"content":{"rendered":"<ul>\n<li>profesjonalny kr\u00f3j slim fit<\/li>\n<li>wytrzyma\u0142y materia\u0142 RIP-STOP<\/li>\n<li>elastyczny materia\u0142 z bawe\u0142n\u0105<\/li>\n<li>wzmocnienie podw\u00f3jn\u0105 \u0142at\u0105 w kroku<\/li>\n<li>d\u00f3\u0142 nogawek z CORDURA do wyd\u0142u\u017cenia o 4cm<\/li>\n<li>elementy odblaskowe 3M Scotchlite<\/li>\n<li>TEFLON &#8211; apretura tkaniny<\/li>\n<li>liczne, funkcjonalne kieszenie z CORDURA<\/li>\n<li>3 kieszenie na wodoodporny zamek odblaskowy<\/li>\n<li>kiesze\u0144 na narz\u0119dzia z CORDURA<\/li>\n<li>1 szeroka szlufka na rzep<\/li>\n<li>STRETCH BELT &#8211; elastyczny pas<\/li>\n<\/ul>\n","protected":false},"excerpt":{"rendered":"<p>profesjonalny kr\u00f3j slim fit wytrzyma\u0142y materia\u0142 RIP-STOP elastyczny materia\u0142 z bawe\u0142n\u0105 wzmocnienie podw\u00f3jn\u0105 \u0142at\u0105 w kroku d\u00f3\u0142 nogawek z CORDURA do wyd\u0142u\u017cenia o 4cm elementy odblaskowe 3M Scotchlite TEFLON &#8211; apretura tkaniny liczne, funkcjonalne kieszenie z CORDURA 3 kieszenie na wodoodporny zamek odblaskowy kiesze\u0144 na narz\u0119dzia z CORDURA 1 szeroka szlufka na rzep STRETCH BELT [&hellip;]<\/p>\n","protected":false},"featured_media":20423,"comment_status":"closed","ping_status":"open","template":"","meta":[],"product_brand":[483],"product_cat":[440,442],"product_tag":[],"class_list":{"0":"post-13954","1":"product","2":"type-product","3":"status-publish","4":"has-post-thumbnail","6":"product_brand-stalco-perfect","7":"product_cat-odziez-robocza","8":"product_cat-spodnie-robocze","9":"pa_kolor-szary","10":"pa_producent-stalco-perfect","11":"pa_rozmiar-2xl","12":"pa_rozmiar-3xl","13":"pa_rozmiar-l","14":"pa_rozmiar-ls","15":"pa_rozmiar-m","16":"pa_rozmiar-s","17":"pa_rozmiar-xl","18":"pa_waga-1-02","19":"pa_waga-1-06","20":"pa_waga-1-08","21":"pa_waga-1-125","22":"pa_waga-1-135","23":"pa_waga-1-148","24":"pa_waga-1-152","26":"first","27":"instock","28":"shipping-taxable","29":"purchasable","30":"product-type-variable","31":"has-default-attributes"},"_links":{"self":[{"href":"https:\/\/asbhp.pl\/index.php?rest_route=\/wp\/v2\/product\/13954","targetHints":{"allow":["GET"]}}],"collection":[{"href":"https:\/\/asbhp.pl\/index.php?rest_route=\/wp\/v2\/product"}],"about":[{"href":"https:\/\/asbhp.pl\/index.php?rest_route=\/wp\/v2\/types\/product"}],"replies":[{"embeddable":true,"href":"https:\/\/asbhp.pl\/index.php?rest_route=%2Fwp%2Fv2%2Fcomments&post=13954"}],"wp:featuredmedia":[{"embeddable":true,"href":"https:\/\/asbhp.pl\/index.php?rest_route=\/wp\/v2\/media\/20423"}],"wp:attachment":[{"href":"https:\/\/asbhp.pl\/index.php?rest_route=%2Fwp%2Fv2%2Fmedia&parent=13954"}],"wp:term":[{"taxonomy":"product_brand","embeddable":true,"href":"https:\/\/asbhp.pl\/index.php?rest_route=%2Fwp%2Fv2%2Fproduct_brand&post=13954"},{"taxonomy":"product_cat","embeddable":true,"href":"https:\/\/asbhp.pl\/index.php?rest_route=%2Fwp%2Fv2%2Fproduct_cat&post=13954"},{"taxonomy":"product_tag","embeddable":true,"href":"https:\/\/asbhp.pl\/index.php?rest_route=%2Fwp%2Fv2%2Fproduct_tag&post=13954"}],"curies":[{"name":"wp","href":"https:\/\/api.w.org\/{rel}","templated":true}]}}