{"id":15843,"date":"2025-10-10T09:06:10","date_gmt":"2025-10-10T07:06:10","guid":{"rendered":"https:\/\/asbhp.pl\/produkt\/koszulka-polo-meska-garu\/"},"modified":"2025-10-10T09:06:23","modified_gmt":"2025-10-10T07:06:23","slug":"s-czarny-9","status":"publish","type":"product","link":"https:\/\/asbhp.pl\/?product=s-czarny-9","title":{"rendered":"S Czarny"},"content":{"rendered":"<ul>\n<li>klasyczne polo<\/li>\n<li>dzianina bawe\u0142niana<\/li>\n<li>dzianina o splocie PIQUE<\/li>\n<li>\u015bci\u0105gacze na r\u0119kawach<\/li>\n<li>ko\u0142nierzyk<\/li>\n<li>2 guziki<\/li>\n<li>dost\u0119pna w 6 kolorach<\/li>\n<li>personalizacja\u2013 nadruk, haft<\/li>\n<\/ul>\n","protected":false},"excerpt":{"rendered":"<p>klasyczne polo dzianina bawe\u0142niana dzianina o splocie PIQUE \u015bci\u0105gacze na r\u0119kawach ko\u0142nierzyk 2 guziki dost\u0119pna w 6 kolorach personalizacja\u2013 nadruk, haft<\/p>\n","protected":false},"featured_media":20990,"comment_status":"closed","ping_status":"open","template":"","meta":[],"product_brand":[416],"product_cat":[629,440,670],"product_tag":[],"class_list":{"0":"post-15843","1":"product","2":"type-product","3":"status-publish","4":"has-post-thumbnail","6":"product_brand-stalco","7":"product_cat-koszulki-2","8":"product_cat-odziez-robocza","9":"product_cat-polo","10":"pa_kolor-bialy","11":"pa_kolor-czarny","12":"pa_kolor-czerwony","13":"pa_kolor-granatowy","14":"pa_kolor-niebieski","15":"pa_kolor-szary","16":"pa_producent-stalco","17":"pa_rozmiar-2xl","18":"pa_rozmiar-3xl","19":"pa_rozmiar-l","20":"pa_rozmiar-m","21":"pa_rozmiar-s","22":"pa_rozmiar-xl","23":"pa_waga-0-224","24":"pa_waga-0-225","25":"pa_waga-0-226","26":"pa_waga-0-228","27":"pa_waga-0-229","28":"pa_waga-0-238","29":"pa_waga-0-242","30":"pa_waga-0-243","31":"pa_waga-0-244","32":"pa_waga-0-249","33":"pa_waga-0-25","34":"pa_waga-0-252","35":"pa_waga-0-254","36":"pa_waga-0-255","37":"pa_waga-0-256","38":"pa_waga-0-268","39":"pa_waga-0-271","40":"pa_waga-0-277","41":"pa_waga-0-282","42":"pa_waga-0-283","43":"pa_waga-0-285","44":"pa_waga-0-292","45":"pa_waga-0-299","46":"pa_waga-0-301","47":"pa_waga-0-304","48":"pa_waga-0-306","49":"pa_waga-0-31","50":"pa_waga-0-314","52":"first","53":"instock","54":"shipping-taxable","55":"purchasable","56":"product-type-variable","57":"has-default-attributes"},"_links":{"self":[{"href":"https:\/\/asbhp.pl\/index.php?rest_route=\/wp\/v2\/product\/15843","targetHints":{"allow":["GET"]}}],"collection":[{"href":"https:\/\/asbhp.pl\/index.php?rest_route=\/wp\/v2\/product"}],"about":[{"href":"https:\/\/asbhp.pl\/index.php?rest_route=\/wp\/v2\/types\/product"}],"replies":[{"embeddable":true,"href":"https:\/\/asbhp.pl\/index.php?rest_route=%2Fwp%2Fv2%2Fcomments&post=15843"}],"wp:featuredmedia":[{"embeddable":true,"href":"https:\/\/asbhp.pl\/index.php?rest_route=\/wp\/v2\/media\/20990"}],"wp:attachment":[{"href":"https:\/\/asbhp.pl\/index.php?rest_route=%2Fwp%2Fv2%2Fmedia&parent=15843"}],"wp:term":[{"taxonomy":"product_brand","embeddable":true,"href":"https:\/\/asbhp.pl\/index.php?rest_route=%2Fwp%2Fv2%2Fproduct_brand&post=15843"},{"taxonomy":"product_cat","embeddable":true,"href":"https:\/\/asbhp.pl\/index.php?rest_route=%2Fwp%2Fv2%2Fproduct_cat&post=15843"},{"taxonomy":"product_tag","embeddable":true,"href":"https:\/\/asbhp.pl\/index.php?rest_route=%2Fwp%2Fv2%2Fproduct_tag&post=15843"}],"curies":[{"name":"wp","href":"https:\/\/api.w.org\/{rel}","templated":true}]}}