{"id":16015,"date":"2025-10-10T09:06:23","date_gmt":"2025-10-10T07:06:23","guid":{"rendered":"https:\/\/asbhp.pl\/produkt\/koszulka-polo-meska-nature-m\/"},"modified":"2025-10-10T09:06:32","modified_gmt":"2025-10-10T07:06:32","slug":"s-bialy-10","status":"publish","type":"product","link":"https:\/\/asbhp.pl\/?product=s-bialy-10","title":{"rendered":"S Bia\u0142y"},"content":{"rendered":"<ul>\n<li>klasyczne polo<\/li>\n<li>dzianina bawe\u0142niana o splocie PIQUE<\/li>\n<li>\u015bci\u0105gacze na r\u0119kawach<\/li>\n<li>ko\u0142nierzyk<\/li>\n<li>3 guziki<\/li>\n<li>dost\u0119pna w 2 kolorach<\/li>\n<li>personalizacja\u2013 nadruk, haft<\/li>\n<\/ul>\n","protected":false},"excerpt":{"rendered":"<p>klasyczne polo dzianina bawe\u0142niana o splocie PIQUE \u015bci\u0105gacze na r\u0119kawach ko\u0142nierzyk 3 guziki dost\u0119pna w 2 kolorach personalizacja\u2013 nadruk, haft<\/p>\n","protected":false},"featured_media":21010,"comment_status":"closed","ping_status":"open","template":"","meta":[],"product_brand":[483],"product_cat":[629,440,670],"product_tag":[],"class_list":{"0":"post-16015","1":"product","2":"type-product","3":"status-publish","4":"has-post-thumbnail","6":"product_brand-stalco-perfect","7":"product_cat-koszulki-2","8":"product_cat-odziez-robocza","9":"product_cat-polo","10":"pa_kolor-bialy","11":"pa_kolor-czarny","12":"pa_producent-stalco-perfect","13":"pa_rozmiar-2xl","14":"pa_rozmiar-l","15":"pa_rozmiar-m","16":"pa_rozmiar-s","17":"pa_rozmiar-xl","18":"pa_waga-0-325","19":"pa_waga-0-335","21":"first","22":"instock","23":"shipping-taxable","24":"purchasable","25":"product-type-variable","26":"has-default-attributes"},"_links":{"self":[{"href":"https:\/\/asbhp.pl\/index.php?rest_route=\/wp\/v2\/product\/16015","targetHints":{"allow":["GET"]}}],"collection":[{"href":"https:\/\/asbhp.pl\/index.php?rest_route=\/wp\/v2\/product"}],"about":[{"href":"https:\/\/asbhp.pl\/index.php?rest_route=\/wp\/v2\/types\/product"}],"replies":[{"embeddable":true,"href":"https:\/\/asbhp.pl\/index.php?rest_route=%2Fwp%2Fv2%2Fcomments&post=16015"}],"wp:featuredmedia":[{"embeddable":true,"href":"https:\/\/asbhp.pl\/index.php?rest_route=\/wp\/v2\/media\/21010"}],"wp:attachment":[{"href":"https:\/\/asbhp.pl\/index.php?rest_route=%2Fwp%2Fv2%2Fmedia&parent=16015"}],"wp:term":[{"taxonomy":"product_brand","embeddable":true,"href":"https:\/\/asbhp.pl\/index.php?rest_route=%2Fwp%2Fv2%2Fproduct_brand&post=16015"},{"taxonomy":"product_cat","embeddable":true,"href":"https:\/\/asbhp.pl\/index.php?rest_route=%2Fwp%2Fv2%2Fproduct_cat&post=16015"},{"taxonomy":"product_tag","embeddable":true,"href":"https:\/\/asbhp.pl\/index.php?rest_route=%2Fwp%2Fv2%2Fproduct_tag&post=16015"}],"curies":[{"name":"wp","href":"https:\/\/api.w.org\/{rel}","templated":true}]}}