{"id":16399,"date":"2025-10-10T09:06:39","date_gmt":"2025-10-10T07:06:39","guid":{"rendered":"https:\/\/asbhp.pl\/produkt\/kurtka-wiatrowka-meska-slice-m\/"},"modified":"2025-10-10T09:06:52","modified_gmt":"2025-10-10T07:06:52","slug":"s-granatowy-9","status":"publish","type":"product","link":"https:\/\/asbhp.pl\/?product=s-granatowy-9","title":{"rendered":"S Granatowy"},"content":{"rendered":"<ul>\n<li>tkanina z membran\u0105 5000mm doskonale chroni\u0105ca przed wiatrem i deszczem\n<li>regulacja dolnego obwodu r\u0119kawa\n<li>elastyczny troczek w dolnym obwodzie\n<li>kieszenie zapinane na zamek\n<li>lekko wyd\u0142u\u017cany ty\u0142 dla lepszej ochrony przed zimnem\n<li>elementy odblaskowe\n<li>chowany kaptur w st\u00f3jk\u0119\n<li>wysoka st\u00f3jka<\/ul>\n","protected":false},"excerpt":{"rendered":"<p>tkanina z membran\u0105 5000mm doskonale chroni\u0105ca przed wiatrem i deszczem regulacja dolnego obwodu r\u0119kawa elastyczny troczek w dolnym obwodzie kieszenie zapinane na zamek lekko wyd\u0142u\u017cany ty\u0142 dla lepszej ochrony przed zimnem elementy odblaskowe chowany kaptur w st\u00f3jk\u0119 wysoka st\u00f3jka<\/p>\n","protected":false},"featured_media":21131,"comment_status":"closed","ping_status":"open","template":"","meta":[],"product_brand":[483],"product_cat":[716,440],"product_tag":[],"class_list":{"0":"post-16399","1":"product","2":"type-product","3":"status-publish","4":"has-post-thumbnail","6":"product_brand-stalco-perfect","7":"product_cat-kurtki-wiatrowki","8":"product_cat-odziez-robocza","9":"pa_kolor-granatowy","10":"pa_producent-stalco-perfect","11":"pa_rozmiar-2xl","12":"pa_rozmiar-3xl","13":"pa_rozmiar-l","14":"pa_rozmiar-m","15":"pa_rozmiar-s","16":"pa_rozmiar-xl","17":"pa_waga-0-6","18":"pa_waga-0-65","19":"pa_waga-0-73","20":"pa_waga-0-77","21":"pa_waga-0-79","22":"pa_waga-0-82","24":"first","25":"instock","26":"shipping-taxable","27":"purchasable","28":"product-type-variable","29":"has-default-attributes"},"_links":{"self":[{"href":"https:\/\/asbhp.pl\/index.php?rest_route=\/wp\/v2\/product\/16399","targetHints":{"allow":["GET"]}}],"collection":[{"href":"https:\/\/asbhp.pl\/index.php?rest_route=\/wp\/v2\/product"}],"about":[{"href":"https:\/\/asbhp.pl\/index.php?rest_route=\/wp\/v2\/types\/product"}],"replies":[{"embeddable":true,"href":"https:\/\/asbhp.pl\/index.php?rest_route=%2Fwp%2Fv2%2Fcomments&post=16399"}],"wp:featuredmedia":[{"embeddable":true,"href":"https:\/\/asbhp.pl\/index.php?rest_route=\/wp\/v2\/media\/21131"}],"wp:attachment":[{"href":"https:\/\/asbhp.pl\/index.php?rest_route=%2Fwp%2Fv2%2Fmedia&parent=16399"}],"wp:term":[{"taxonomy":"product_brand","embeddable":true,"href":"https:\/\/asbhp.pl\/index.php?rest_route=%2Fwp%2Fv2%2Fproduct_brand&post=16399"},{"taxonomy":"product_cat","embeddable":true,"href":"https:\/\/asbhp.pl\/index.php?rest_route=%2Fwp%2Fv2%2Fproduct_cat&post=16399"},{"taxonomy":"product_tag","embeddable":true,"href":"https:\/\/asbhp.pl\/index.php?rest_route=%2Fwp%2Fv2%2Fproduct_tag&post=16399"}],"curies":[{"name":"wp","href":"https:\/\/api.w.org\/{rel}","templated":true}]}}