{"id":16495,"date":"2025-10-10T09:06:39","date_gmt":"2025-10-10T07:06:39","guid":{"rendered":"https:\/\/asbhp.pl\/produkt\/kurtka-przeciwdeszczowa-aqua-j\/"},"modified":"2025-10-10T09:06:52","modified_gmt":"2025-10-10T07:06:52","slug":"m-zielony-4","status":"publish","type":"product","link":"https:\/\/asbhp.pl\/?product=m-zielony-4","title":{"rendered":"M Zielony"},"content":{"rendered":"<ul>\n<li>materia\u0142 &#8211; 50% PU 50% PVC z poliestrem<\/li>\n<li>klejone szwy<\/li>\n<li>karczek z wentylacj\u0105<\/li>\n<li>mocny kostkowy zamek<\/li>\n<li>listwa zabezpieczaj\u0105ca zamek<\/li>\n<li>2 kieszenie w pasie<\/li>\n<li>1 kiesze\u0144 na piersi wodoodporna<\/li>\n<li>elementy odblaskowe<\/li>\n<li>kaptur ze sznurkiem i stoperami<\/li>\n<li>ukryte elastyczne mankiety<\/li>\n<\/ul>\n","protected":false},"excerpt":{"rendered":"<p>materia\u0142 &#8211; 50% PU 50% PVC z poliestrem klejone szwy karczek z wentylacj\u0105 mocny kostkowy zamek listwa zabezpieczaj\u0105ca zamek 2 kieszenie w pasie 1 kiesze\u0144 na piersi wodoodporna elementy odblaskowe kaptur ze sznurkiem i stoperami ukryte elastyczne mankiety<\/p>\n","protected":false},"featured_media":21151,"comment_status":"closed","ping_status":"open","template":"","meta":[],"product_brand":[483],"product_cat":[723,440],"product_tag":[],"class_list":{"0":"post-16495","1":"product","2":"type-product","3":"status-publish","4":"has-post-thumbnail","6":"product_brand-stalco-perfect","7":"product_cat-kurtki-przeciwdeszczowe","8":"product_cat-odziez-robocza","9":"pa_kolor-zielony","10":"pa_producent-stalco-perfect","11":"pa_rozmiar-2xl","12":"pa_rozmiar-3xl","13":"pa_rozmiar-l","14":"pa_rozmiar-m","15":"pa_rozmiar-xl","16":"pa_waga-1-1","17":"pa_waga-1-15","18":"pa_waga-1-176","19":"pa_waga-1-2","21":"first","22":"instock","23":"shipping-taxable","24":"purchasable","25":"product-type-variable","26":"has-default-attributes"},"_links":{"self":[{"href":"https:\/\/asbhp.pl\/index.php?rest_route=\/wp\/v2\/product\/16495","targetHints":{"allow":["GET"]}}],"collection":[{"href":"https:\/\/asbhp.pl\/index.php?rest_route=\/wp\/v2\/product"}],"about":[{"href":"https:\/\/asbhp.pl\/index.php?rest_route=\/wp\/v2\/types\/product"}],"replies":[{"embeddable":true,"href":"https:\/\/asbhp.pl\/index.php?rest_route=%2Fwp%2Fv2%2Fcomments&post=16495"}],"wp:featuredmedia":[{"embeddable":true,"href":"https:\/\/asbhp.pl\/index.php?rest_route=\/wp\/v2\/media\/21151"}],"wp:attachment":[{"href":"https:\/\/asbhp.pl\/index.php?rest_route=%2Fwp%2Fv2%2Fmedia&parent=16495"}],"wp:term":[{"taxonomy":"product_brand","embeddable":true,"href":"https:\/\/asbhp.pl\/index.php?rest_route=%2Fwp%2Fv2%2Fproduct_brand&post=16495"},{"taxonomy":"product_cat","embeddable":true,"href":"https:\/\/asbhp.pl\/index.php?rest_route=%2Fwp%2Fv2%2Fproduct_cat&post=16495"},{"taxonomy":"product_tag","embeddable":true,"href":"https:\/\/asbhp.pl\/index.php?rest_route=%2Fwp%2Fv2%2Fproduct_tag&post=16495"}],"curies":[{"name":"wp","href":"https:\/\/api.w.org\/{rel}","templated":true}]}}