{"id":16572,"date":"2025-10-10T09:06:52","date_gmt":"2025-10-10T07:06:52","guid":{"rendered":"https:\/\/asbhp.pl\/produkt\/kamizelka-ocieplana-meska-vest\/"},"modified":"2025-10-10T09:07:04","modified_gmt":"2025-10-10T07:07:04","slug":"s-czarny-15","status":"publish","type":"product","link":"https:\/\/asbhp.pl\/?product=s-czarny-15","title":{"rendered":"S Czarny"},"content":{"rendered":"<ul>\n<li>pikowana kurtka poliamidowa<\/li>\n<li>puch syntetyczny<\/li>\n<li>termoizolacja<\/li>\n<li>elementy odblaskowe<\/li>\n<li>elastyczne lam\u00f3wki<\/li>\n<li>kaptur<\/li>\n<li>listwa zabezpieczaj\u0105ca podbr\u00f3dek<\/li>\n<li>kryty zamek YKK z przodu<\/li>\n<li>1 kiesze\u0144 napoleo\u0144ska na zamek YKK<\/li>\n<li>2 kieszenie w pasie na zamek YKK<\/li>\n<\/ul>\n","protected":false},"excerpt":{"rendered":"<p>pikowana kurtka poliamidowa puch syntetyczny termoizolacja elementy odblaskowe elastyczne lam\u00f3wki kaptur listwa zabezpieczaj\u0105ca podbr\u00f3dek kryty zamek YKK z przodu 1 kiesze\u0144 napoleo\u0144ska na zamek YKK 2 kieszenie w pasie na zamek YKK<\/p>\n","protected":false},"featured_media":21186,"comment_status":"closed","ping_status":"open","template":"","meta":[],"product_brand":[483],"product_cat":[731,732,440],"product_tag":[],"class_list":{"0":"post-16572","1":"product","2":"type-product","3":"status-publish","4":"has-post-thumbnail","6":"product_brand-stalco-perfect","7":"product_cat-kamizelki","8":"product_cat-kamizelki-robocze-ocieplane","9":"product_cat-odziez-robocza","10":"pa_kolor-czarny","11":"pa_producent-stalco-perfect","12":"pa_rozmiar-2xl","13":"pa_rozmiar-3xl","14":"pa_rozmiar-l","15":"pa_rozmiar-m","16":"pa_rozmiar-s","17":"pa_rozmiar-xl","18":"pa_waga-0-41","19":"pa_waga-0-46","20":"pa_waga-0-53","21":"pa_waga-0-66","22":"pa_waga-0-663","24":"first","25":"instock","26":"shipping-taxable","27":"purchasable","28":"product-type-variable","29":"has-default-attributes"},"_links":{"self":[{"href":"https:\/\/asbhp.pl\/index.php?rest_route=\/wp\/v2\/product\/16572","targetHints":{"allow":["GET"]}}],"collection":[{"href":"https:\/\/asbhp.pl\/index.php?rest_route=\/wp\/v2\/product"}],"about":[{"href":"https:\/\/asbhp.pl\/index.php?rest_route=\/wp\/v2\/types\/product"}],"replies":[{"embeddable":true,"href":"https:\/\/asbhp.pl\/index.php?rest_route=%2Fwp%2Fv2%2Fcomments&post=16572"}],"wp:featuredmedia":[{"embeddable":true,"href":"https:\/\/asbhp.pl\/index.php?rest_route=\/wp\/v2\/media\/21186"}],"wp:attachment":[{"href":"https:\/\/asbhp.pl\/index.php?rest_route=%2Fwp%2Fv2%2Fmedia&parent=16572"}],"wp:term":[{"taxonomy":"product_brand","embeddable":true,"href":"https:\/\/asbhp.pl\/index.php?rest_route=%2Fwp%2Fv2%2Fproduct_brand&post=16572"},{"taxonomy":"product_cat","embeddable":true,"href":"https:\/\/asbhp.pl\/index.php?rest_route=%2Fwp%2Fv2%2Fproduct_cat&post=16572"},{"taxonomy":"product_tag","embeddable":true,"href":"https:\/\/asbhp.pl\/index.php?rest_route=%2Fwp%2Fv2%2Fproduct_tag&post=16572"}],"curies":[{"name":"wp","href":"https:\/\/api.w.org\/{rel}","templated":true}]}}