{"id":16616,"date":"2025-10-10T09:06:52","date_gmt":"2025-10-10T07:06:52","guid":{"rendered":"https:\/\/asbhp.pl\/produkt\/kamizelka-ocieplana-meska-ripstop-v\/"},"modified":"2025-10-10T09:07:04","modified_gmt":"2025-10-10T07:07:04","slug":"s-czarny-16","status":"publish","type":"product","link":"https:\/\/asbhp.pl\/?product=s-czarny-16","title":{"rendered":"S Czarny"},"content":{"rendered":"<ul>\n<li>materia\u0142 rip-stop 300D z PU<\/li>\n<li>wstawki z silnego materia\u0142uz TPU<\/li>\n<li>wodoodporno\u015b\u0107 2000 mm<\/li>\n<li>kamizelka ocieplana<\/li>\n<li>rygle wzmacniaj\u0105ce szwy<\/li>\n<li>regulacja do\u0142u gumk\u0105 ze stoperami<\/li>\n<li>elementy odblaskowe<\/li>\n<li>masywny, kostkowy zamek z przodu<\/li>\n<li>listwa zabezpieczaj\u0105ca podbr\u00f3dek<\/li>\n<li>listwa zabezpieczaj\u0105ca zamek z wierzchu<\/li>\n<li>6 kieszeni z przodu<\/li>\n<\/ul>\n","protected":false},"excerpt":{"rendered":"<p>materia\u0142 rip-stop 300D z PU wstawki z silnego materia\u0142uz TPU wodoodporno\u015b\u0107 2000 mm kamizelka ocieplana rygle wzmacniaj\u0105ce szwy regulacja do\u0142u gumk\u0105 ze stoperami elementy odblaskowe masywny, kostkowy zamek z przodu listwa zabezpieczaj\u0105ca podbr\u00f3dek listwa zabezpieczaj\u0105ca zamek z wierzchu 6 kieszeni z przodu<\/p>\n","protected":false},"featured_media":21189,"comment_status":"closed","ping_status":"open","template":"","meta":[],"product_brand":[483],"product_cat":[731,732,440],"product_tag":[],"class_list":{"0":"post-16616","1":"product","2":"type-product","3":"status-publish","4":"has-post-thumbnail","6":"product_brand-stalco-perfect","7":"product_cat-kamizelki","8":"product_cat-kamizelki-robocze-ocieplane","9":"product_cat-odziez-robocza","10":"pa_kolor-czarny","11":"pa_producent-stalco-perfect","12":"pa_rozmiar-2xl","13":"pa_rozmiar-3xl","14":"pa_rozmiar-4xl","15":"pa_rozmiar-l","16":"pa_rozmiar-m","17":"pa_rozmiar-s","18":"pa_rozmiar-xl","19":"pa_waga-0-63","20":"pa_waga-0-638","21":"pa_waga-0-705","22":"pa_waga-0-74","24":"first","25":"instock","26":"shipping-taxable","27":"purchasable","28":"product-type-variable","29":"has-default-attributes"},"_links":{"self":[{"href":"https:\/\/asbhp.pl\/index.php?rest_route=\/wp\/v2\/product\/16616","targetHints":{"allow":["GET"]}}],"collection":[{"href":"https:\/\/asbhp.pl\/index.php?rest_route=\/wp\/v2\/product"}],"about":[{"href":"https:\/\/asbhp.pl\/index.php?rest_route=\/wp\/v2\/types\/product"}],"replies":[{"embeddable":true,"href":"https:\/\/asbhp.pl\/index.php?rest_route=%2Fwp%2Fv2%2Fcomments&post=16616"}],"wp:featuredmedia":[{"embeddable":true,"href":"https:\/\/asbhp.pl\/index.php?rest_route=\/wp\/v2\/media\/21189"}],"wp:attachment":[{"href":"https:\/\/asbhp.pl\/index.php?rest_route=%2Fwp%2Fv2%2Fmedia&parent=16616"}],"wp:term":[{"taxonomy":"product_brand","embeddable":true,"href":"https:\/\/asbhp.pl\/index.php?rest_route=%2Fwp%2Fv2%2Fproduct_brand&post=16616"},{"taxonomy":"product_cat","embeddable":true,"href":"https:\/\/asbhp.pl\/index.php?rest_route=%2Fwp%2Fv2%2Fproduct_cat&post=16616"},{"taxonomy":"product_tag","embeddable":true,"href":"https:\/\/asbhp.pl\/index.php?rest_route=%2Fwp%2Fv2%2Fproduct_tag&post=16616"}],"curies":[{"name":"wp","href":"https:\/\/api.w.org\/{rel}","templated":true}]}}