{"id":16644,"date":"2025-10-10T09:06:52","date_gmt":"2025-10-10T07:06:52","guid":{"rendered":"https:\/\/asbhp.pl\/produkt\/kamizelka-ocieplana-meska-logan-v\/"},"modified":"2025-10-10T09:07:04","modified_gmt":"2025-10-10T07:07:04","slug":"s-oliwkowy-2","status":"publish","type":"product","link":"https:\/\/asbhp.pl\/?product=s-oliwkowy-2","title":{"rendered":"S Oliwkowy"},"content":{"rendered":"<ul>\n<li>tkanina z membran\u0105 TPU 3000mm<\/li>\n<li>kurtka ocieplana<\/li>\n<li>wzmocnienia z CORDURA<\/li>\n<li>modny kr\u00f3j<\/li>\n<li>wyd\u0142u\u017cany ty\u0142 z regulacj\u0105 w pasie ze stoperami<\/li>\n<li>odpinany, regulowany kaptur<\/li>\n<li>elementy odblaskowe 3M Scotchlite<\/li>\n<li>kostkowy zamek z przodu YKK<\/li>\n<li>listwa zabezpieczaj\u0105ca podbr\u00f3dek<\/li>\n<li>5 kieszeni z zamkami YKK<\/li>\n<\/ul>\n","protected":false},"excerpt":{"rendered":"<p>tkanina z membran\u0105 TPU 3000mm kurtka ocieplana wzmocnienia z CORDURA modny kr\u00f3j wyd\u0142u\u017cany ty\u0142 z regulacj\u0105 w pasie ze stoperami odpinany, regulowany kaptur elementy odblaskowe 3M Scotchlite kostkowy zamek z przodu YKK listwa zabezpieczaj\u0105ca podbr\u00f3dek 5 kieszeni z zamkami YKK<\/p>\n","protected":false},"featured_media":21205,"comment_status":"closed","ping_status":"open","template":"","meta":[],"product_brand":[483],"product_cat":[731,732,440],"product_tag":[],"class_list":{"0":"post-16644","1":"product","2":"type-product","3":"status-publish","4":"has-post-thumbnail","6":"product_brand-stalco-perfect","7":"product_cat-kamizelki","8":"product_cat-kamizelki-robocze-ocieplane","9":"product_cat-odziez-robocza","10":"pa_kolor-czarny","11":"pa_kolor-oliwkowy","12":"pa_producent-stalco-perfect","13":"pa_rozmiar-2xl","14":"pa_rozmiar-3xl","15":"pa_rozmiar-l","16":"pa_rozmiar-m","17":"pa_rozmiar-s","18":"pa_rozmiar-xl","19":"pa_waga-0-73","20":"pa_waga-0-75","21":"pa_waga-0-78","22":"pa_waga-0-79","23":"pa_waga-0-83","24":"pa_waga-0-84","25":"pa_waga-0-87","26":"pa_waga-0-89","27":"pa_waga-0-9","28":"pa_waga-0-91","29":"pa_waga-0-94","30":"pa_waga-0-96","32":"first","33":"instock","34":"shipping-taxable","35":"purchasable","36":"product-type-variable","37":"has-default-attributes"},"_links":{"self":[{"href":"https:\/\/asbhp.pl\/index.php?rest_route=\/wp\/v2\/product\/16644","targetHints":{"allow":["GET"]}}],"collection":[{"href":"https:\/\/asbhp.pl\/index.php?rest_route=\/wp\/v2\/product"}],"about":[{"href":"https:\/\/asbhp.pl\/index.php?rest_route=\/wp\/v2\/types\/product"}],"replies":[{"embeddable":true,"href":"https:\/\/asbhp.pl\/index.php?rest_route=%2Fwp%2Fv2%2Fcomments&post=16644"}],"wp:featuredmedia":[{"embeddable":true,"href":"https:\/\/asbhp.pl\/index.php?rest_route=\/wp\/v2\/media\/21205"}],"wp:attachment":[{"href":"https:\/\/asbhp.pl\/index.php?rest_route=%2Fwp%2Fv2%2Fmedia&parent=16644"}],"wp:term":[{"taxonomy":"product_brand","embeddable":true,"href":"https:\/\/asbhp.pl\/index.php?rest_route=%2Fwp%2Fv2%2Fproduct_brand&post=16644"},{"taxonomy":"product_cat","embeddable":true,"href":"https:\/\/asbhp.pl\/index.php?rest_route=%2Fwp%2Fv2%2Fproduct_cat&post=16644"},{"taxonomy":"product_tag","embeddable":true,"href":"https:\/\/asbhp.pl\/index.php?rest_route=%2Fwp%2Fv2%2Fproduct_tag&post=16644"}],"curies":[{"name":"wp","href":"https:\/\/api.w.org\/{rel}","templated":true}]}}