{"id":16692,"date":"2025-10-10T09:06:52","date_gmt":"2025-10-10T07:06:52","guid":{"rendered":"https:\/\/asbhp.pl\/produkt\/kombinezon-ochronny-microporous\/"},"modified":"2025-10-10T09:07:04","modified_gmt":"2025-10-10T07:07:04","slug":"m-bialy-2","status":"publish","type":"product","link":"https:\/\/asbhp.pl\/?product=m-bialy-2","title":{"rendered":"M Bia\u0142y"},"content":{"rendered":"<ul>\n<li>kombinezon chroni\u0105cy przed py\u0142em, sprejem i chemikaliami<\/li>\n<li>typ 5\/6<\/li>\n<li>bardzo lekki &#8211; 65g\/m2<\/li>\n<li>laminowana w\u0142\u00f3knina<\/li>\n<li>lu\u017ana forma, nie kr\u0119puj\u0105ca ruch\u00f3w podczas u\u017cytkowania<\/li>\n<li>elastyczne zako\u0144czenia &#8211; gumki przy nadgarstkach, stopach i kapturze<\/li>\n<li>zapinany na zamek b\u0142yskawiczny<\/li>\n<li>listwa chroni\u0105ca zamek<\/li>\n<\/ul>\n","protected":false},"excerpt":{"rendered":"<p>kombinezon chroni\u0105cy przed py\u0142em, sprejem i chemikaliami typ 5\/6 bardzo lekki &#8211; 65g\/m2 laminowana w\u0142\u00f3knina lu\u017ana forma, nie kr\u0119puj\u0105ca ruch\u00f3w podczas u\u017cytkowania elastyczne zako\u0144czenia &#8211; gumki przy nadgarstkach, stopach i kapturze zapinany na zamek b\u0142yskawiczny listwa chroni\u0105ca zamek<\/p>\n","protected":false},"featured_media":21211,"comment_status":"closed","ping_status":"open","template":"","meta":[],"product_brand":[416],"product_cat":[745,746,440],"product_tag":[],"class_list":{"0":"post-16692","1":"product","2":"type-product","3":"status-publish","4":"has-post-thumbnail","6":"product_brand-stalco","7":"product_cat-kombinezony-i-komplety","8":"product_cat-kombinezony-jednorazowe","9":"product_cat-odziez-robocza","10":"pa_kolor-bialy","11":"pa_producent-stalco","12":"pa_rozmiar-2xl","13":"pa_rozmiar-3xl","14":"pa_rozmiar-l","15":"pa_rozmiar-m","16":"pa_rozmiar-xl","17":"pa_waga-0-24","18":"pa_waga-0-248","19":"pa_waga-0-26","20":"pa_waga-0-268","21":"pa_waga-0-278","23":"first","24":"instock","25":"shipping-taxable","26":"purchasable","27":"product-type-variable","28":"has-default-attributes"},"_links":{"self":[{"href":"https:\/\/asbhp.pl\/index.php?rest_route=\/wp\/v2\/product\/16692","targetHints":{"allow":["GET"]}}],"collection":[{"href":"https:\/\/asbhp.pl\/index.php?rest_route=\/wp\/v2\/product"}],"about":[{"href":"https:\/\/asbhp.pl\/index.php?rest_route=\/wp\/v2\/types\/product"}],"replies":[{"embeddable":true,"href":"https:\/\/asbhp.pl\/index.php?rest_route=%2Fwp%2Fv2%2Fcomments&post=16692"}],"wp:featuredmedia":[{"embeddable":true,"href":"https:\/\/asbhp.pl\/index.php?rest_route=\/wp\/v2\/media\/21211"}],"wp:attachment":[{"href":"https:\/\/asbhp.pl\/index.php?rest_route=%2Fwp%2Fv2%2Fmedia&parent=16692"}],"wp:term":[{"taxonomy":"product_brand","embeddable":true,"href":"https:\/\/asbhp.pl\/index.php?rest_route=%2Fwp%2Fv2%2Fproduct_brand&post=16692"},{"taxonomy":"product_cat","embeddable":true,"href":"https:\/\/asbhp.pl\/index.php?rest_route=%2Fwp%2Fv2%2Fproduct_cat&post=16692"},{"taxonomy":"product_tag","embeddable":true,"href":"https:\/\/asbhp.pl\/index.php?rest_route=%2Fwp%2Fv2%2Fproduct_tag&post=16692"}],"curies":[{"name":"wp","href":"https:\/\/api.w.org\/{rel}","templated":true}]}}