{"id":16944,"date":"2025-10-10T09:07:36","date_gmt":"2025-10-10T07:07:36","guid":{"rendered":"https:\/\/asbhp.pl\/produkt\/pasek-do-spodni-brigger\/"},"modified":"2025-10-11T21:43:15","modified_gmt":"2025-10-11T19:43:15","slug":"czarny-7","status":"publish","type":"product","link":"https:\/\/asbhp.pl\/?product=czarny-7","title":{"rendered":"Pasek uniwersalny czarny"},"content":{"rendered":"<ul>\n<li>Ta\u015bma elastyczna<\/li>\n<li>Metalowa klamra zaciskowa<\/li>\n<li>Jeden rozmiar 130cm d\u0142ugo\u015bci, 4cm szeroko\u015bci<\/li>\n<li>Regulowany obw\u00f3d \u2013 samodzielne skracanie<\/li>\n<li>Szlufka w zestawie<\/li>\n<li>Ko\u0144c\u00f3wka obszyta sk\u00f3r\u0105 ekologiczn\u0105<\/li>\n<li>Uniwersalny<\/li>\n<\/ul>\n","protected":false},"excerpt":{"rendered":"<p>Ta\u015bma elastyczna Metalowa klamra zaciskowa Jeden rozmiar 130cm d\u0142ugo\u015bci, 4cm szeroko\u015bci Regulowany obw\u00f3d \u2013 samodzielne skracanie Szlufka w zestawie Ko\u0144c\u00f3wka obszyta sk\u00f3r\u0105 ekologiczn\u0105 Uniwersalny<\/p>\n","protected":false},"featured_media":21534,"comment_status":"closed","ping_status":"closed","template":"","meta":[],"product_brand":[483],"product_cat":[785,440,787],"product_tag":[],"class_list":{"0":"post-16944","1":"product","2":"type-product","3":"status-publish","4":"has-post-thumbnail","6":"product_brand-stalco-perfect","7":"product_cat-akcesoria-odziezowe","8":"product_cat-odziez-robocza","9":"product_cat-paski","10":"pa_producent-stalco-perfect","11":"pa_waga-0-16","13":"first","14":"instock","15":"shipping-taxable","16":"purchasable","17":"product-type-simple"},"_links":{"self":[{"href":"https:\/\/asbhp.pl\/index.php?rest_route=\/wp\/v2\/product\/16944","targetHints":{"allow":["GET"]}}],"collection":[{"href":"https:\/\/asbhp.pl\/index.php?rest_route=\/wp\/v2\/product"}],"about":[{"href":"https:\/\/asbhp.pl\/index.php?rest_route=\/wp\/v2\/types\/product"}],"replies":[{"embeddable":true,"href":"https:\/\/asbhp.pl\/index.php?rest_route=%2Fwp%2Fv2%2Fcomments&post=16944"}],"wp:featuredmedia":[{"embeddable":true,"href":"https:\/\/asbhp.pl\/index.php?rest_route=\/wp\/v2\/media\/21534"}],"wp:attachment":[{"href":"https:\/\/asbhp.pl\/index.php?rest_route=%2Fwp%2Fv2%2Fmedia&parent=16944"}],"wp:term":[{"taxonomy":"product_brand","embeddable":true,"href":"https:\/\/asbhp.pl\/index.php?rest_route=%2Fwp%2Fv2%2Fproduct_brand&post=16944"},{"taxonomy":"product_cat","embeddable":true,"href":"https:\/\/asbhp.pl\/index.php?rest_route=%2Fwp%2Fv2%2Fproduct_cat&post=16944"},{"taxonomy":"product_tag","embeddable":true,"href":"https:\/\/asbhp.pl\/index.php?rest_route=%2Fwp%2Fv2%2Fproduct_tag&post=16944"}],"curies":[{"name":"wp","href":"https:\/\/api.w.org\/{rel}","templated":true}]}}