{"id":19343,"date":"2025-10-10T09:15:01","date_gmt":"2025-10-10T07:15:01","guid":{"rendered":"https:\/\/asbhp.pl\/produkt\/rekawice-bawelniane-s-light-n\/"},"modified":"2025-10-10T09:15:32","modified_gmt":"2025-10-10T07:15:32","slug":"8-10","status":"publish","type":"product","link":"https:\/\/asbhp.pl\/?product=8-10","title":{"rendered":"8"},"content":{"rendered":"<ul>\n<li>Pow\u0142oka nitrylowa<\/li>\n<li>Bawe\u0142na<\/li>\n<li>Olejoodporno\u015b\u0107<\/li>\n<li>Splot 15G<\/li>\n<\/ul>\n","protected":false},"excerpt":{"rendered":"<p>Pow\u0142oka nitrylowa Bawe\u0142na Olejoodporno\u015b\u0107 Splot 15G<\/p>\n","protected":false},"featured_media":24242,"comment_status":"closed","ping_status":"open","template":"","meta":[],"product_brand":[416],"product_cat":[97,946,966],"product_tag":[],"class_list":{"0":"post-19343","1":"product","2":"type-product","3":"status-publish","4":"has-post-thumbnail","6":"product_brand-stalco","7":"product_cat-rekawice","8":"product_cat-rekawice-powlekane","9":"product_cat-rekawice-powlekane-nitrylem","10":"pa_producent-stalco","11":"pa_rozmiar-216","12":"pa_rozmiar-215","13":"pa_rozmiar-219","14":"pa_waga-0-047","15":"pa_waga-0-052","16":"pa_waga-0-06","18":"first","19":"instock","20":"shipping-taxable","21":"purchasable","22":"product-type-variable","23":"has-default-attributes"},"_links":{"self":[{"href":"https:\/\/asbhp.pl\/index.php?rest_route=\/wp\/v2\/product\/19343","targetHints":{"allow":["GET"]}}],"collection":[{"href":"https:\/\/asbhp.pl\/index.php?rest_route=\/wp\/v2\/product"}],"about":[{"href":"https:\/\/asbhp.pl\/index.php?rest_route=\/wp\/v2\/types\/product"}],"replies":[{"embeddable":true,"href":"https:\/\/asbhp.pl\/index.php?rest_route=%2Fwp%2Fv2%2Fcomments&post=19343"}],"wp:featuredmedia":[{"embeddable":true,"href":"https:\/\/asbhp.pl\/index.php?rest_route=\/wp\/v2\/media\/24242"}],"wp:attachment":[{"href":"https:\/\/asbhp.pl\/index.php?rest_route=%2Fwp%2Fv2%2Fmedia&parent=19343"}],"wp:term":[{"taxonomy":"product_brand","embeddable":true,"href":"https:\/\/asbhp.pl\/index.php?rest_route=%2Fwp%2Fv2%2Fproduct_brand&post=19343"},{"taxonomy":"product_cat","embeddable":true,"href":"https:\/\/asbhp.pl\/index.php?rest_route=%2Fwp%2Fv2%2Fproduct_cat&post=19343"},{"taxonomy":"product_tag","embeddable":true,"href":"https:\/\/asbhp.pl\/index.php?rest_route=%2Fwp%2Fv2%2Fproduct_tag&post=19343"}],"curies":[{"name":"wp","href":"https:\/\/api.w.org\/{rel}","templated":true}]}}