{"id":19762,"date":"2025-10-10T09:15:33","date_gmt":"2025-10-10T07:15:33","guid":{"rendered":"https:\/\/asbhp.pl\/produkt\/rekawice-syntetyczne-multi-function\/"},"modified":"2025-10-10T09:16:02","modified_gmt":"2025-10-10T07:16:02","slug":"8-17","status":"publish","type":"product","link":"https:\/\/asbhp.pl\/?product=8-17","title":{"rendered":"8"},"content":{"rendered":"<ul>\n<ul>\n<li>Odporno\u015b\u0107 na \u015bcieranie\u00a0<\/li>\n<li>Wstawka TPR\u00a0<\/li>\n<li>T\u0142oczony PU<\/li>\n<li>Pianka EVA\u00a0<\/li>\n<li>\u017belowa wstawka<\/li>\n<li>Przewiewna siatka poliestrowa<\/li>\n<li>Elastyczna konstrukcja<\/li>\n<li>Mocne zapi\u0119cie na rzep<\/li>\n<\/ul>\n<\/ul>\n<div><\/div>\n","protected":false},"excerpt":{"rendered":"<p>Odporno\u015b\u0107 na \u015bcieranie\u00a0 Wstawka TPR\u00a0 T\u0142oczony PU Pianka EVA\u00a0 \u017belowa wstawka Przewiewna siatka poliestrowa Elastyczna konstrukcja Mocne zapi\u0119cie na rzep<\/p>\n","protected":false},"featured_media":24546,"comment_status":"closed","ping_status":"open","template":"","meta":[],"product_brand":[483],"product_cat":[97,991,990],"product_tag":[],"class_list":{"0":"post-19762","1":"product","2":"type-product","3":"status-publish","4":"has-post-thumbnail","6":"product_brand-stalco-perfect","7":"product_cat-rekawice","8":"product_cat-rekawice-mechaniczne","9":"product_cat-rekawice-syntetyczne","10":"pa_producent-stalco-perfect","11":"pa_rozmiar-216","12":"pa_rozmiar-218","13":"pa_rozmiar-215","14":"pa_rozmiar-219","15":"pa_waga-0-19","16":"pa_waga-0-2","17":"pa_waga-0-21","19":"first","20":"instock","21":"shipping-taxable","22":"purchasable","23":"product-type-variable","24":"has-default-attributes"},"_links":{"self":[{"href":"https:\/\/asbhp.pl\/index.php?rest_route=\/wp\/v2\/product\/19762","targetHints":{"allow":["GET"]}}],"collection":[{"href":"https:\/\/asbhp.pl\/index.php?rest_route=\/wp\/v2\/product"}],"about":[{"href":"https:\/\/asbhp.pl\/index.php?rest_route=\/wp\/v2\/types\/product"}],"replies":[{"embeddable":true,"href":"https:\/\/asbhp.pl\/index.php?rest_route=%2Fwp%2Fv2%2Fcomments&post=19762"}],"wp:featuredmedia":[{"embeddable":true,"href":"https:\/\/asbhp.pl\/index.php?rest_route=\/wp\/v2\/media\/24546"}],"wp:attachment":[{"href":"https:\/\/asbhp.pl\/index.php?rest_route=%2Fwp%2Fv2%2Fmedia&parent=19762"}],"wp:term":[{"taxonomy":"product_brand","embeddable":true,"href":"https:\/\/asbhp.pl\/index.php?rest_route=%2Fwp%2Fv2%2Fproduct_brand&post=19762"},{"taxonomy":"product_cat","embeddable":true,"href":"https:\/\/asbhp.pl\/index.php?rest_route=%2Fwp%2Fv2%2Fproduct_cat&post=19762"},{"taxonomy":"product_tag","embeddable":true,"href":"https:\/\/asbhp.pl\/index.php?rest_route=%2Fwp%2Fv2%2Fproduct_tag&post=19762"}],"curies":[{"name":"wp","href":"https:\/\/api.w.org\/{rel}","templated":true}]}}