{"id":20145,"date":"2025-10-10T09:04:23","date_gmt":"2025-10-10T07:04:23","guid":{"rendered":"https:\/\/asbhp.pl\/produkt\/spodnie-robocze-viktor\/"},"modified":"2025-10-10T09:04:32","modified_gmt":"2025-10-10T07:04:32","slug":"s-granatowy-3","status":"publish","type":"product","link":"https:\/\/asbhp.pl\/?product=s-granatowy-3","title":{"rendered":"S Granatowy"},"content":{"rendered":"<ul>\n<li>profesjonalna konstrukcja\u00a0<\/li>\n<li>twill z bawe\u0142n\u0105\u00a0<\/li>\n<li>elastyczny materia\u0142\u00a0<\/li>\n<li>klin w kroku\u00a0<\/li>\n<li>nogawki do wyd\u0142u\u017cenia o 5 cm\u00a0<\/li>\n<li>nogawki zw\u0119\u017cane i wzmocnione u do\u0142u\u00a0<\/li>\n<li>15 kieszeni i przegr\u00f3d o sprecyzowanym zastosowaniu, w tym:<\/li>\n<li>kieszenie na kolanach z OXFORD 900D na wk\u0142adki piankowe\u00a0<\/li>\n<li>uniwersalna kiesze\u0144 miechowa zapinana na rzep i zamek\u00a0<\/li>\n<li>3 przegrody, w tym na telefon\u00a0<\/li>\n<li>kiesze\u0144 miechowa na narz\u0119dzia<\/li>\n<li>guma w pasie\u00a0<\/li>\n<li>CE Kategoria I\u00a0<\/li>\n<li>EN ISO13688\u00a0<\/li>\n<\/ul>\n","protected":false},"excerpt":{"rendered":"<p>profesjonalna konstrukcja\u00a0 twill z bawe\u0142n\u0105\u00a0 elastyczny materia\u0142\u00a0 klin w kroku\u00a0 nogawki do wyd\u0142u\u017cenia o 5 cm\u00a0 nogawki zw\u0119\u017cane i wzmocnione u do\u0142u\u00a0 15 kieszeni i przegr\u00f3d o sprecyzowanym zastosowaniu, w tym: kieszenie na kolanach z OXFORD 900D na wk\u0142adki piankowe\u00a0 uniwersalna kiesze\u0144 miechowa zapinana na rzep i zamek\u00a0 3 przegrody, w tym na telefon\u00a0 kiesze\u0144 [&hellip;]<\/p>\n","protected":false},"featured_media":20477,"comment_status":"closed","ping_status":"open","template":"","meta":[],"product_brand":[416],"product_cat":[440,442],"product_tag":[],"class_list":{"0":"post-20145","1":"product","2":"type-product","3":"status-publish","4":"has-post-thumbnail","6":"product_brand-stalco","7":"product_cat-odziez-robocza","8":"product_cat-spodnie-robocze","9":"pa_kolor-granatowy","10":"pa_producent-stalco","11":"pa_rozmiar-2xl","12":"pa_rozmiar-3xl","13":"pa_rozmiar-l","14":"pa_rozmiar-m","15":"pa_rozmiar-s","16":"pa_rozmiar-xl","17":"pa_waga-0-76","18":"pa_waga-0-8","19":"pa_waga-0-82","20":"pa_waga-0-88","21":"pa_waga-0-9","22":"pa_waga-0-92","24":"first","25":"instock","26":"shipping-taxable","27":"purchasable","28":"product-type-variable","29":"has-default-attributes"},"_links":{"self":[{"href":"https:\/\/asbhp.pl\/index.php?rest_route=\/wp\/v2\/product\/20145","targetHints":{"allow":["GET"]}}],"collection":[{"href":"https:\/\/asbhp.pl\/index.php?rest_route=\/wp\/v2\/product"}],"about":[{"href":"https:\/\/asbhp.pl\/index.php?rest_route=\/wp\/v2\/types\/product"}],"replies":[{"embeddable":true,"href":"https:\/\/asbhp.pl\/index.php?rest_route=%2Fwp%2Fv2%2Fcomments&post=20145"}],"wp:featuredmedia":[{"embeddable":true,"href":"https:\/\/asbhp.pl\/index.php?rest_route=\/wp\/v2\/media\/20477"}],"wp:attachment":[{"href":"https:\/\/asbhp.pl\/index.php?rest_route=%2Fwp%2Fv2%2Fmedia&parent=20145"}],"wp:term":[{"taxonomy":"product_brand","embeddable":true,"href":"https:\/\/asbhp.pl\/index.php?rest_route=%2Fwp%2Fv2%2Fproduct_brand&post=20145"},{"taxonomy":"product_cat","embeddable":true,"href":"https:\/\/asbhp.pl\/index.php?rest_route=%2Fwp%2Fv2%2Fproduct_cat&post=20145"},{"taxonomy":"product_tag","embeddable":true,"href":"https:\/\/asbhp.pl\/index.php?rest_route=%2Fwp%2Fv2%2Fproduct_tag&post=20145"}],"curies":[{"name":"wp","href":"https:\/\/api.w.org\/{rel}","templated":true}]}}