{"id":20165,"date":"2025-10-10T09:05:26","date_gmt":"2025-10-10T07:05:26","guid":{"rendered":"https:\/\/asbhp.pl\/produkt\/bluza-meska-igor\/"},"modified":"2025-10-10T09:05:36","modified_gmt":"2025-10-10T07:05:36","slug":"s-czarny-6","status":"publish","type":"product","link":"https:\/\/asbhp.pl\/?product=s-czarny-6","title":{"rendered":"S Czarny"},"content":{"rendered":"<ul>\n<li style=\"box-sizing: border-box; padding: 0px; margin: 0px; list-style: disc;\">dzianina dwustronna interlock, z du\u017c\u0105 zawarto\u015bci\u0105 bawe\u0142ny<\/li>\n<li style=\"box-sizing: border-box; padding: 0px; margin: 0px; list-style: disc;\">uniwersalny kr\u00f3j<\/li>\n<li style=\"box-sizing: border-box; padding: 0px; margin: 0px; list-style: disc;\">wysoka st\u00f3jka<\/li>\n<li style=\"box-sizing: border-box; padding: 0px; margin: 0px; list-style: disc;\">r\u0119kawy zako\u0144czone mankietem ze \u015bci\u0105gaczem<\/li>\n<li style=\"box-sizing: border-box; padding: 0px; margin: 0px; list-style: disc;\">masywny, kostkowy zamek<\/li>\n<li style=\"box-sizing: border-box; padding: 0px; margin: 0px; list-style: disc;\">listwa zabezpieczaj\u0105ca podbr\u00f3dek<\/li>\n<li style=\"box-sizing: border-box; padding: 0px; margin: 0px; list-style: disc;\">2 kieszenie na zamek w pasie<\/li>\n<li style=\"box-sizing: border-box; padding: 0px; margin: 0px; list-style: disc;\">d\u00f3\u0142 zako\u0144czony \u015bci\u0105gaczem<\/li>\n<li style=\"box-sizing: border-box; padding: 0px; margin: 0px; list-style: disc;\">elementy kontrastowe<\/li>\n<li style=\"box-sizing: border-box; padding: 0px; margin: 0px; list-style: disc;\">miejsce na logowanie<\/li>\n<li style=\"box-sizing: border-box; padding: 0px; margin: 0px; list-style: disc;\">dost\u0119pna w 2 kolorach<\/li>\n<\/ul>\n","protected":false},"excerpt":{"rendered":"<p>dzianina dwustronna interlock, z du\u017c\u0105 zawarto\u015bci\u0105 bawe\u0142ny uniwersalny kr\u00f3j wysoka st\u00f3jka r\u0119kawy zako\u0144czone mankietem ze \u015bci\u0105gaczem masywny, kostkowy zamek listwa zabezpieczaj\u0105ca podbr\u00f3dek 2 kieszenie na zamek w pasie d\u00f3\u0142 zako\u0144czony \u015bci\u0105gaczem elementy kontrastowe miejsce na logowanie dost\u0119pna w 2 kolorach<\/p>\n","protected":false},"featured_media":20733,"comment_status":"closed","ping_status":"open","template":"","meta":[],"product_brand":[416],"product_cat":[571,440],"product_tag":[],"class_list":{"0":"post-20165","1":"product","2":"type-product","3":"status-publish","4":"has-post-thumbnail","6":"product_brand-stalco","7":"product_cat-bluzy-robocze","8":"product_cat-odziez-robocza","9":"pa_kolor-czarny","10":"pa_kolor-granatowy","11":"pa_producent-stalco","12":"pa_rozmiar-2xl","13":"pa_rozmiar-3xl","14":"pa_rozmiar-4xl","15":"pa_rozmiar-l","16":"pa_rozmiar-m","17":"pa_rozmiar-s","18":"pa_rozmiar-xl","19":"pa_waga-0-48","20":"pa_waga-0-5","21":"pa_waga-0-53","22":"pa_waga-0-54","23":"pa_waga-0-56","24":"pa_waga-0-6","25":"pa_waga-0-62","26":"pa_waga-0-65","28":"first","29":"instock","30":"shipping-taxable","31":"purchasable","32":"product-type-variable","33":"has-default-attributes"},"_links":{"self":[{"href":"https:\/\/asbhp.pl\/index.php?rest_route=\/wp\/v2\/product\/20165","targetHints":{"allow":["GET"]}}],"collection":[{"href":"https:\/\/asbhp.pl\/index.php?rest_route=\/wp\/v2\/product"}],"about":[{"href":"https:\/\/asbhp.pl\/index.php?rest_route=\/wp\/v2\/types\/product"}],"replies":[{"embeddable":true,"href":"https:\/\/asbhp.pl\/index.php?rest_route=%2Fwp%2Fv2%2Fcomments&post=20165"}],"wp:featuredmedia":[{"embeddable":true,"href":"https:\/\/asbhp.pl\/index.php?rest_route=\/wp\/v2\/media\/20733"}],"wp:attachment":[{"href":"https:\/\/asbhp.pl\/index.php?rest_route=%2Fwp%2Fv2%2Fmedia&parent=20165"}],"wp:term":[{"taxonomy":"product_brand","embeddable":true,"href":"https:\/\/asbhp.pl\/index.php?rest_route=%2Fwp%2Fv2%2Fproduct_brand&post=20165"},{"taxonomy":"product_cat","embeddable":true,"href":"https:\/\/asbhp.pl\/index.php?rest_route=%2Fwp%2Fv2%2Fproduct_cat&post=20165"},{"taxonomy":"product_tag","embeddable":true,"href":"https:\/\/asbhp.pl\/index.php?rest_route=%2Fwp%2Fv2%2Fproduct_tag&post=20165"}],"curies":[{"name":"wp","href":"https:\/\/api.w.org\/{rel}","templated":true}]}}