{"id":20256,"date":"2025-10-10T09:07:19","date_gmt":"2025-10-10T07:07:19","guid":{"rendered":"https:\/\/asbhp.pl\/produkt\/czapka-zimowa-z-latarka-ray-kids\/"},"modified":"2025-10-10T09:07:33","modified_gmt":"2025-10-10T07:07:33","slug":"czarny-5","status":"publish","type":"product","link":"https:\/\/asbhp.pl\/?product=czarny-5","title":{"rendered":"Czarny"},"content":{"rendered":"<\/p>\n<ul>\n<li>na mniejsz\u0105 g\u0142ow\u0119, r\u00f3wnie\u017c dzieci\u0119c\u0105 rozmiar 46-52<\/li>\n<li>latarka LED \u2013 4 tryby \u015bwiecenia: 100%, 75%, 50% i pulsuj\u0105ce jasno\u015b\u0107 120 lm \u0142adowanie USB 2.0 pojemno\u015b\u0107 baterii &#8211; 250 mAh czarna, 100% akryl<\/li>\n<li>na mniejsz\u0105 g\u0142ow\u0119, r\u00f3wnie\u017c dzieci\u0119c\u0105 rozmiar 46-52<\/li>\n<li>latarka LED \u2013 4 tryby \u015bwiecenia: 100%, 75%, 50% i pulsuj\u0105ce<\/li>\n<li>jasno\u015b\u0107 120 lm<\/li>\n<li>\u0142adowanie USB 2.0<\/li>\n<li>pojemno\u015b\u0107 baterii &#8211;\u00a0 250 mAh<\/li>\n<li>czarna, 100% akryl<\/li>\n<li>materia\u0142 czapki: <span style=\"white-space: pre;\"> <\/span>100% akryl<\/li>\n<\/ul>\n","protected":false},"excerpt":{"rendered":"<p>na mniejsz\u0105 g\u0142ow\u0119, r\u00f3wnie\u017c dzieci\u0119c\u0105 rozmiar 46-52 latarka LED \u2013 4 tryby \u015bwiecenia: 100%, 75%, 50% i pulsuj\u0105ce jasno\u015b\u0107 120 lm \u0142adowanie USB 2.0 pojemno\u015b\u0107 baterii &#8211; 250 mAh czarna, 100% akryl na mniejsz\u0105 g\u0142ow\u0119, r\u00f3wnie\u017c dzieci\u0119c\u0105 rozmiar 46-52 latarka LED \u2013 4 tryby \u015bwiecenia: 100%, 75%, 50% i pulsuj\u0105ce jasno\u015b\u0107 120 lm \u0142adowanie USB [&hellip;]<\/p>\n","protected":false},"featured_media":21413,"comment_status":"closed","ping_status":"open","template":"","meta":[],"product_brand":[416],"product_cat":[798,440],"product_tag":[],"class_list":{"0":"post-20256","1":"product","2":"type-product","3":"status-publish","4":"has-post-thumbnail","6":"product_brand-stalco","7":"product_cat-czapki-z-lampka","8":"product_cat-odziez-robocza","9":"pa_producent-stalco","10":"pa_waga-0-11","12":"first","13":"instock","14":"shipping-taxable","15":"purchasable","16":"product-type-simple"},"_links":{"self":[{"href":"https:\/\/asbhp.pl\/index.php?rest_route=\/wp\/v2\/product\/20256","targetHints":{"allow":["GET"]}}],"collection":[{"href":"https:\/\/asbhp.pl\/index.php?rest_route=\/wp\/v2\/product"}],"about":[{"href":"https:\/\/asbhp.pl\/index.php?rest_route=\/wp\/v2\/types\/product"}],"replies":[{"embeddable":true,"href":"https:\/\/asbhp.pl\/index.php?rest_route=%2Fwp%2Fv2%2Fcomments&post=20256"}],"wp:featuredmedia":[{"embeddable":true,"href":"https:\/\/asbhp.pl\/index.php?rest_route=\/wp\/v2\/media\/21413"}],"wp:attachment":[{"href":"https:\/\/asbhp.pl\/index.php?rest_route=%2Fwp%2Fv2%2Fmedia&parent=20256"}],"wp:term":[{"taxonomy":"product_brand","embeddable":true,"href":"https:\/\/asbhp.pl\/index.php?rest_route=%2Fwp%2Fv2%2Fproduct_brand&post=20256"},{"taxonomy":"product_cat","embeddable":true,"href":"https:\/\/asbhp.pl\/index.php?rest_route=%2Fwp%2Fv2%2Fproduct_cat&post=20256"},{"taxonomy":"product_tag","embeddable":true,"href":"https:\/\/asbhp.pl\/index.php?rest_route=%2Fwp%2Fv2%2Fproduct_tag&post=20256"}],"curies":[{"name":"wp","href":"https:\/\/api.w.org\/{rel}","templated":true}]}}