{"id":22148,"date":"2025-10-10T09:09:31","date_gmt":"2025-10-10T07:09:31","guid":{"rendered":"https:\/\/asbhp.pl\/produkt\/40-12\/"},"modified":"2025-10-10T09:10:01","modified_gmt":"2025-10-10T07:10:01","slug":"40-12","status":"publish","type":"product","link":"https:\/\/asbhp.pl\/?product=40-12","title":{"rendered":"40"},"content":{"rendered":"<ul>\n<li>ESD<\/li>\n<li>Sk\u00f3ra zamszowa<\/li>\n<li>Wk\u0142adka metalowa<\/li>\n<li>Zalewany Nosek PU<\/li>\n<li>Element odblaskowy<\/li>\n<li>Metalowy podnosek<\/li>\n<li>Materia\u0142 Mesh (siateczka)<\/li>\n<li>Poliestrowe sznurowad\u0142a<\/li>\n<li>Odporno\u015b\u0107 na olej nap\u0119dowy<\/li>\n<li>Zabudowana pi\u0119ta z elementem sk\u00f3ry\u00a0<\/li>\n<li>W\u0142a\u015bciwo\u015bci: antystatyczne, antypo\u015blizgowe\u00a0<\/li>\n<\/ul>\n","protected":false},"excerpt":{"rendered":"<p>ESD Sk\u00f3ra zamszowa Wk\u0142adka metalowa Zalewany Nosek PU Element odblaskowy Metalowy podnosek Materia\u0142 Mesh (siateczka) Poliestrowe sznurowad\u0142a Odporno\u015b\u0107 na olej nap\u0119dowy Zabudowana pi\u0119ta z elementem sk\u00f3ry\u00a0 W\u0142a\u015bciwo\u015bci: antystatyczne, antypo\u015blizgowe\u00a0<\/p>\n","protected":false},"featured_media":22149,"comment_status":"closed","ping_status":"open","template":"","meta":[],"product_brand":[416],"product_cat":[21,46,792],"product_tag":[],"class_list":{"0":"post-22148","1":"product","2":"type-product","3":"status-publish","4":"has-post-thumbnail","6":"product_brand-stalco","7":"product_cat-obuwie-robocze","8":"product_cat-polbuty","9":"product_cat-polbuty-robocze","10":"pa_producent-stalco","11":"pa_rozmiar-206","12":"pa_rozmiar-207","13":"pa_rozmiar-208","14":"pa_rozmiar-209","15":"pa_rozmiar-161","16":"pa_rozmiar-210","17":"pa_rozmiar-162","18":"pa_rozmiar-211","19":"pa_rozmiar-164","20":"pa_waga-1-3","21":"pa_waga-1-37","22":"pa_waga-1-4","23":"pa_waga-1-45","24":"pa_waga-1-5","25":"pa_waga-1-56","26":"pa_waga-1-6","28":"first","29":"instock","30":"shipping-taxable","31":"purchasable","32":"product-type-variable","33":"has-default-attributes"},"_links":{"self":[{"href":"https:\/\/asbhp.pl\/index.php?rest_route=\/wp\/v2\/product\/22148","targetHints":{"allow":["GET"]}}],"collection":[{"href":"https:\/\/asbhp.pl\/index.php?rest_route=\/wp\/v2\/product"}],"about":[{"href":"https:\/\/asbhp.pl\/index.php?rest_route=\/wp\/v2\/types\/product"}],"replies":[{"embeddable":true,"href":"https:\/\/asbhp.pl\/index.php?rest_route=%2Fwp%2Fv2%2Fcomments&post=22148"}],"wp:featuredmedia":[{"embeddable":true,"href":"https:\/\/asbhp.pl\/index.php?rest_route=\/wp\/v2\/media\/22149"}],"wp:attachment":[{"href":"https:\/\/asbhp.pl\/index.php?rest_route=%2Fwp%2Fv2%2Fmedia&parent=22148"}],"wp:term":[{"taxonomy":"product_brand","embeddable":true,"href":"https:\/\/asbhp.pl\/index.php?rest_route=%2Fwp%2Fv2%2Fproduct_brand&post=22148"},{"taxonomy":"product_cat","embeddable":true,"href":"https:\/\/asbhp.pl\/index.php?rest_route=%2Fwp%2Fv2%2Fproduct_cat&post=22148"},{"taxonomy":"product_tag","embeddable":true,"href":"https:\/\/asbhp.pl\/index.php?rest_route=%2Fwp%2Fv2%2Fproduct_tag&post=22148"}],"curies":[{"name":"wp","href":"https:\/\/api.w.org\/{rel}","templated":true}]}}