{"id":24808,"date":"2025-10-10T09:16:26","date_gmt":"2025-10-10T07:16:26","guid":{"rendered":"https:\/\/asbhp.pl\/produkt\/wkladki-do-butow-flexgel\/"},"modified":"2025-10-10T09:16:28","modified_gmt":"2025-10-10T07:16:28","slug":"36-14","status":"publish","type":"product","link":"https:\/\/asbhp.pl\/?product=36-14","title":{"rendered":"36"},"content":{"rendered":"<p>profilowany kszta\u0142t<\/p>\n<p>mi\u0119kka pianka PU<\/p>\n<p>przewiewna mikrofibr\u0105<\/p>\n<p>\u017celowa wstawka amortyzuj\u0105ca\u00a0<\/p>\n<p>wysoki komfort u\u017cytkowania<\/p>\n<p>zapobiega przemieszczaniu si\u0119 stopy<\/p>\n","protected":false},"excerpt":{"rendered":"<p>profilowany kszta\u0142t mi\u0119kka pianka PU przewiewna mikrofibr\u0105 \u017celowa wstawka amortyzuj\u0105ca\u00a0 wysoki komfort u\u017cytkowania zapobiega przemieszczaniu si\u0119 stopy<\/p>\n","protected":false},"featured_media":24810,"comment_status":"closed","ping_status":"open","template":"","meta":[],"product_brand":[483],"product_cat":[914,21,915],"product_tag":[],"class_list":{"0":"post-24808","1":"product","2":"type-product","3":"status-publish","4":"has-post-thumbnail","6":"product_brand-stalco-perfect","7":"product_cat-akcesoria-obuwnicze","8":"product_cat-obuwie-robocze","9":"product_cat-wkladki-do-butow","10":"pa_producent-stalco-perfect","11":"pa_waga-0-11","13":"first","14":"instock","15":"shipping-taxable","16":"purchasable","17":"product-type-simple"},"_links":{"self":[{"href":"https:\/\/asbhp.pl\/index.php?rest_route=\/wp\/v2\/product\/24808","targetHints":{"allow":["GET"]}}],"collection":[{"href":"https:\/\/asbhp.pl\/index.php?rest_route=\/wp\/v2\/product"}],"about":[{"href":"https:\/\/asbhp.pl\/index.php?rest_route=\/wp\/v2\/types\/product"}],"replies":[{"embeddable":true,"href":"https:\/\/asbhp.pl\/index.php?rest_route=%2Fwp%2Fv2%2Fcomments&post=24808"}],"wp:featuredmedia":[{"embeddable":true,"href":"https:\/\/asbhp.pl\/index.php?rest_route=\/wp\/v2\/media\/24810"}],"wp:attachment":[{"href":"https:\/\/asbhp.pl\/index.php?rest_route=%2Fwp%2Fv2%2Fmedia&parent=24808"}],"wp:term":[{"taxonomy":"product_brand","embeddable":true,"href":"https:\/\/asbhp.pl\/index.php?rest_route=%2Fwp%2Fv2%2Fproduct_brand&post=24808"},{"taxonomy":"product_cat","embeddable":true,"href":"https:\/\/asbhp.pl\/index.php?rest_route=%2Fwp%2Fv2%2Fproduct_cat&post=24808"},{"taxonomy":"product_tag","embeddable":true,"href":"https:\/\/asbhp.pl\/index.php?rest_route=%2Fwp%2Fv2%2Fproduct_tag&post=24808"}],"curies":[{"name":"wp","href":"https:\/\/api.w.org\/{rel}","templated":true}]}}