{"id":25332,"date":"2025-10-10T09:17:41","date_gmt":"2025-10-10T07:17:41","guid":{"rendered":"https:\/\/asbhp.pl\/produkt\/polbut-defender-low-ob-stalco-perfect\/"},"modified":"2025-10-10T09:17:47","modified_gmt":"2025-10-10T07:17:47","slug":"38-oliwkowy","status":"publish","type":"product","link":"https:\/\/asbhp.pl\/?product=38-oliwkowy","title":{"rendered":"38 oliwkowy"},"content":{"rendered":"<ul>\n<li>Podeszwa z PU i gumy<\/li>\n<li>Cholewka ze sk\u00f3ry zamszowej<\/li>\n<li>Wstawki materia\u0142u OXFORD<\/li>\n<li>Membrana WATERPROOF w cz\u0119\u015bci cholewki<\/li>\n<li>Podeszwa antypo\u015blizgowa<\/li>\n<li>Podeszwa olejoodporna<\/li>\n<li>Lekko\u015b\u0107&nbsp;<\/li>\n<li>Wk\u0142adka z pianki EVA&nbsp;<\/li>\n<li>Gumowe wstawki w okolicy pi\u0119ty i czubka buta<\/li>\n<li>Miechowy j\u0119zyk<\/li>\n<\/ul>\n","protected":false},"excerpt":{"rendered":"<p>Podeszwa z PU i gumy Cholewka ze sk\u00f3ry zamszowej Wstawki materia\u0142u OXFORD Membrana WATERPROOF w cz\u0119\u015bci cholewki Podeszwa antypo\u015blizgowa Podeszwa olejoodporna Lekko\u015b\u0107&nbsp; Wk\u0142adka z pianki EVA&nbsp; Gumowe wstawki w okolicy pi\u0119ty i czubka buta Miechowy j\u0119zyk<\/p>\n","protected":false},"featured_media":25334,"comment_status":"closed","ping_status":"open","template":"","meta":[],"product_brand":[],"product_cat":[21,46,792],"product_tag":[],"class_list":{"0":"post-25332","1":"product","2":"type-product","3":"status-publish","4":"has-post-thumbnail","6":"product_cat-obuwie-robocze","7":"product_cat-polbuty","8":"product_cat-polbuty-robocze","10":"first","11":"instock","12":"shipping-taxable","13":"purchasable","14":"product-type-simple"},"_links":{"self":[{"href":"https:\/\/asbhp.pl\/index.php?rest_route=\/wp\/v2\/product\/25332","targetHints":{"allow":["GET"]}}],"collection":[{"href":"https:\/\/asbhp.pl\/index.php?rest_route=\/wp\/v2\/product"}],"about":[{"href":"https:\/\/asbhp.pl\/index.php?rest_route=\/wp\/v2\/types\/product"}],"replies":[{"embeddable":true,"href":"https:\/\/asbhp.pl\/index.php?rest_route=%2Fwp%2Fv2%2Fcomments&post=25332"}],"wp:featuredmedia":[{"embeddable":true,"href":"https:\/\/asbhp.pl\/index.php?rest_route=\/wp\/v2\/media\/25334"}],"wp:attachment":[{"href":"https:\/\/asbhp.pl\/index.php?rest_route=%2Fwp%2Fv2%2Fmedia&parent=25332"}],"wp:term":[{"taxonomy":"product_brand","embeddable":true,"href":"https:\/\/asbhp.pl\/index.php?rest_route=%2Fwp%2Fv2%2Fproduct_brand&post=25332"},{"taxonomy":"product_cat","embeddable":true,"href":"https:\/\/asbhp.pl\/index.php?rest_route=%2Fwp%2Fv2%2Fproduct_cat&post=25332"},{"taxonomy":"product_tag","embeddable":true,"href":"https:\/\/asbhp.pl\/index.php?rest_route=%2Fwp%2Fv2%2Fproduct_tag&post=25332"}],"curies":[{"name":"wp","href":"https:\/\/api.w.org\/{rel}","templated":true}]}}