{"id":25402,"date":"2025-10-10T09:17:49","date_gmt":"2025-10-10T07:17:49","guid":{"rendered":"https:\/\/asbhp.pl\/produkt\/czapka-z-daszkiem-odblaskowa-pick-zolty-one-size-stalco-s091444224\/"},"modified":"2025-10-11T19:34:39","modified_gmt":"2025-10-11T17:34:39","slug":"zolty-5","status":"publish","type":"product","link":"https:\/\/asbhp.pl\/?product=zolty-5","title":{"rendered":"Czapka z daszkiem &#8211; \u017c\u00f3\u0142ty odblask"},"content":{"rendered":"<p>&#8211; klasyczny kr\u00f3j z usztywnianym daszkiem<\/p>\n<p>&#8211; odblaskowe elementy<\/p>\n<p>&#8211; otwory wentylacyjne<\/p>\n<p>&#8211; regulacja obwodu na rzep<\/p>\n","protected":false},"excerpt":{"rendered":"<p>&#8211; klasyczny kr\u00f3j z usztywnianym daszkiem &#8211; odblaskowe elementy &#8211; otwory wentylacyjne &#8211; regulacja obwodu na rzep<\/p>\n","protected":false},"featured_media":25404,"comment_status":"closed","ping_status":"closed","template":"","meta":[],"product_brand":[],"product_cat":[1061,772,440],"product_tag":[],"class_list":{"0":"post-25402","1":"product","2":"type-product","3":"status-publish","4":"has-post-thumbnail","6":"product_cat-czapki-odblaskowe","7":"product_cat-czapki-z-daszkiem","8":"product_cat-odziez-robocza","10":"first","11":"instock","12":"shipping-taxable","13":"purchasable","14":"product-type-simple"},"_links":{"self":[{"href":"https:\/\/asbhp.pl\/index.php?rest_route=\/wp\/v2\/product\/25402","targetHints":{"allow":["GET"]}}],"collection":[{"href":"https:\/\/asbhp.pl\/index.php?rest_route=\/wp\/v2\/product"}],"about":[{"href":"https:\/\/asbhp.pl\/index.php?rest_route=\/wp\/v2\/types\/product"}],"replies":[{"embeddable":true,"href":"https:\/\/asbhp.pl\/index.php?rest_route=%2Fwp%2Fv2%2Fcomments&post=25402"}],"wp:featuredmedia":[{"embeddable":true,"href":"https:\/\/asbhp.pl\/index.php?rest_route=\/wp\/v2\/media\/25404"}],"wp:attachment":[{"href":"https:\/\/asbhp.pl\/index.php?rest_route=%2Fwp%2Fv2%2Fmedia&parent=25402"}],"wp:term":[{"taxonomy":"product_brand","embeddable":true,"href":"https:\/\/asbhp.pl\/index.php?rest_route=%2Fwp%2Fv2%2Fproduct_brand&post=25402"},{"taxonomy":"product_cat","embeddable":true,"href":"https:\/\/asbhp.pl\/index.php?rest_route=%2Fwp%2Fv2%2Fproduct_cat&post=25402"},{"taxonomy":"product_tag","embeddable":true,"href":"https:\/\/asbhp.pl\/index.php?rest_route=%2Fwp%2Fv2%2Fproduct_tag&post=25402"}],"curies":[{"name":"wp","href":"https:\/\/api.w.org\/{rel}","templated":true}]}}