{"id":311,"date":"2025-04-05T18:16:08","date_gmt":"2025-04-05T16:16:08","guid":{"rendered":"http:\/\/www.asbhp.pl\/produkt\/polbut-zamsz-braz-s1-p-src\/"},"modified":"2025-04-05T18:16:37","modified_gmt":"2025-04-05T16:16:37","slug":"polbut-zamsz-braz-s1-p-src","status":"publish","type":"product","link":"https:\/\/asbhp.pl\/?product=polbut-zamsz-braz-s1-p-src","title":{"rendered":"P\u00d3\u0141BUT ZAMSZ BR\u0104Z. S1-P SRC"},"content":{"rendered":"<p>p\u00f3\u0142but z otworami zwi\u0119kszaj\u0105cymi wentylacj\u0119,<\/p>\n<p>&nbsp;<\/p>\n<p>Zost\u0119pne warianty:<\/p>\n","protected":false},"excerpt":{"rendered":"<p>p\u00f3\u0142but z otworami zwi\u0119kszaj\u0105cymi wentylacj\u0119, &nbsp; Zost\u0119pne warianty:<\/p>\n","protected":false},"featured_media":312,"comment_status":"closed","ping_status":"open","template":"","meta":[],"product_brand":[],"product_cat":[21,46],"product_tag":[408],"class_list":{"0":"post-311","1":"product","2":"type-product","3":"status-publish","4":"has-post-thumbnail","6":"product_cat-obuwie-robocze","7":"product_cat-polbuty","8":"product_tag-polstar-holding-woloszczuk-sp-k","10":"first","11":"instock","12":"purchasable","13":"product-type-simple"},"_links":{"self":[{"href":"https:\/\/asbhp.pl\/index.php?rest_route=\/wp\/v2\/product\/311","targetHints":{"allow":["GET"]}}],"collection":[{"href":"https:\/\/asbhp.pl\/index.php?rest_route=\/wp\/v2\/product"}],"about":[{"href":"https:\/\/asbhp.pl\/index.php?rest_route=\/wp\/v2\/types\/product"}],"replies":[{"embeddable":true,"href":"https:\/\/asbhp.pl\/index.php?rest_route=%2Fwp%2Fv2%2Fcomments&post=311"}],"wp:featuredmedia":[{"embeddable":true,"href":"https:\/\/asbhp.pl\/index.php?rest_route=\/wp\/v2\/media\/312"}],"wp:attachment":[{"href":"https:\/\/asbhp.pl\/index.php?rest_route=%2Fwp%2Fv2%2Fmedia&parent=311"}],"wp:term":[{"taxonomy":"product_brand","embeddable":true,"href":"https:\/\/asbhp.pl\/index.php?rest_route=%2Fwp%2Fv2%2Fproduct_brand&post=311"},{"taxonomy":"product_cat","embeddable":true,"href":"https:\/\/asbhp.pl\/index.php?rest_route=%2Fwp%2Fv2%2Fproduct_cat&post=311"},{"taxonomy":"product_tag","embeddable":true,"href":"https:\/\/asbhp.pl\/index.php?rest_route=%2Fwp%2Fv2%2Fproduct_tag&post=311"}],"curies":[{"name":"wp","href":"https:\/\/api.w.org\/{rel}","templated":true}]}}