{"id":4727,"date":"2019-09-24T21:37:02","date_gmt":"2019-09-24T19:37:02","guid":{"rendered":"http:\/\/www.asbhp.pl\/produkt\/jednocz%c2%a2aciowe-okulary-z-poliw%c2%a2glanu-dla-goaci-bezbarwne\/"},"modified":"2025-10-11T22:13:03","modified_gmt":"2025-10-11T20:13:03","slug":"jednocz%c2%a2aciowe-okulary-z-poliw%c2%a2glanu-dla-goaci-bezbarwne","status":"publish","type":"product","link":"https:\/\/asbhp.pl\/?product=jednocz%c2%a2aciowe-okulary-z-poliw%c2%a2glanu-dla-goaci-bezbarwne","title":{"rendered":"JEDNOCZ\u0118\u015aCIOWE OKULARY Z POLIW\u0118GLANU DLA GO\u015aCI, BEZBARWNE"},"content":{"rendered":"","protected":false},"excerpt":{"rendered":"<p>JEDNOCZ\u0118\u015aCIOWE OKULARY Z POLIW\u0118GLANU DLA GO\u015aCI, BEZBARWNE<\/p>\n","protected":false},"featured_media":4728,"comment_status":"closed","ping_status":"closed","template":"","meta":[],"product_brand":[],"product_cat":[73,90],"product_tag":[106],"class_list":{"0":"post-4727","1":"product","2":"type-product","3":"status-publish","4":"has-post-thumbnail","6":"product_cat-ochrona-wzroku","7":"product_cat-okulary-ochronne","8":"product_tag-deltaplus","10":"first","11":"instock","12":"purchasable","13":"product-type-simple"},"_links":{"self":[{"href":"https:\/\/asbhp.pl\/index.php?rest_route=\/wp\/v2\/product\/4727","targetHints":{"allow":["GET"]}}],"collection":[{"href":"https:\/\/asbhp.pl\/index.php?rest_route=\/wp\/v2\/product"}],"about":[{"href":"https:\/\/asbhp.pl\/index.php?rest_route=\/wp\/v2\/types\/product"}],"replies":[{"embeddable":true,"href":"https:\/\/asbhp.pl\/index.php?rest_route=%2Fwp%2Fv2%2Fcomments&post=4727"}],"wp:featuredmedia":[{"embeddable":true,"href":"https:\/\/asbhp.pl\/index.php?rest_route=\/wp\/v2\/media\/4728"}],"wp:attachment":[{"href":"https:\/\/asbhp.pl\/index.php?rest_route=%2Fwp%2Fv2%2Fmedia&parent=4727"}],"wp:term":[{"taxonomy":"product_brand","embeddable":true,"href":"https:\/\/asbhp.pl\/index.php?rest_route=%2Fwp%2Fv2%2Fproduct_brand&post=4727"},{"taxonomy":"product_cat","embeddable":true,"href":"https:\/\/asbhp.pl\/index.php?rest_route=%2Fwp%2Fv2%2Fproduct_cat&post=4727"},{"taxonomy":"product_tag","embeddable":true,"href":"https:\/\/asbhp.pl\/index.php?rest_route=%2Fwp%2Fv2%2Fproduct_tag&post=4727"}],"curies":[{"name":"wp","href":"https:\/\/api.w.org\/{rel}","templated":true}]}}