{"id":494,"date":"2025-04-05T18:17:57","date_gmt":"2025-04-05T16:17:57","guid":{"rendered":"http:\/\/www.asbhp.pl\/produkt\/spodnie-do-pasa-diamant\/"},"modified":"2025-06-14T18:21:48","modified_gmt":"2025-06-14T16:21:48","slug":"spodnie-do-pasa-diamant","status":"publish","type":"product","link":"https:\/\/asbhp.pl\/?product=spodnie-do-pasa-diamant","title":{"rendered":"SPODNIE DO PASA DIAMANT"},"content":{"rendered":"<p>wykonana z wysokiej jako\u015bci materia\u0142u, kt\u00f3ry nawet po wielokrotnym praniu zapewnia stabilno\u015b\u0107 rozmiar\u00f3w,<\/p>\n<p>&nbsp;<\/p>\n<p>Zost\u0119pne warianty:<\/p>\n","protected":false},"excerpt":{"rendered":"<p>wykonana z wysokiej jako\u015bci materia\u0142u, kt\u00f3ry nawet po wielokrotnym praniu zapewnia stabilno\u015b\u0107 rozmiar\u00f3w, &nbsp; Zost\u0119pne warianty:<\/p>\n","protected":false},"featured_media":495,"comment_status":"closed","ping_status":"open","template":"","meta":[],"product_brand":[413],"product_cat":[41,44],"product_tag":[408],"class_list":{"0":"post-494","1":"product","2":"type-product","3":"status-publish","4":"has-post-thumbnail","6":"product_brand-polstar","7":"product_cat-odziez-ochronna","8":"product_cat-spodnie-do-pasa","9":"product_tag-polstar-holding-woloszczuk-sp-k","11":"first","12":"instock","13":"purchasable","14":"product-type-simple"},"_links":{"self":[{"href":"https:\/\/asbhp.pl\/index.php?rest_route=\/wp\/v2\/product\/494","targetHints":{"allow":["GET"]}}],"collection":[{"href":"https:\/\/asbhp.pl\/index.php?rest_route=\/wp\/v2\/product"}],"about":[{"href":"https:\/\/asbhp.pl\/index.php?rest_route=\/wp\/v2\/types\/product"}],"replies":[{"embeddable":true,"href":"https:\/\/asbhp.pl\/index.php?rest_route=%2Fwp%2Fv2%2Fcomments&post=494"}],"wp:featuredmedia":[{"embeddable":true,"href":"https:\/\/asbhp.pl\/index.php?rest_route=\/wp\/v2\/media\/495"}],"wp:attachment":[{"href":"https:\/\/asbhp.pl\/index.php?rest_route=%2Fwp%2Fv2%2Fmedia&parent=494"}],"wp:term":[{"taxonomy":"product_brand","embeddable":true,"href":"https:\/\/asbhp.pl\/index.php?rest_route=%2Fwp%2Fv2%2Fproduct_brand&post=494"},{"taxonomy":"product_cat","embeddable":true,"href":"https:\/\/asbhp.pl\/index.php?rest_route=%2Fwp%2Fv2%2Fproduct_cat&post=494"},{"taxonomy":"product_tag","embeddable":true,"href":"https:\/\/asbhp.pl\/index.php?rest_route=%2Fwp%2Fv2%2Fproduct_tag&post=494"}],"curies":[{"name":"wp","href":"https:\/\/api.w.org\/{rel}","templated":true}]}}