{"id":5892,"date":"2019-09-24T21:52:58","date_gmt":"2019-09-24T19:52:58","guid":{"rendered":"http:\/\/www.asbhp.pl\/produkt\/r%c2%a2kawica-dziana-z-wuikna-softnocut%c2%a8-duoa-powlekana-nitrylem\/"},"modified":"2025-10-11T21:21:18","modified_gmt":"2025-10-11T19:21:18","slug":"r%c2%a2kawica-dziana-z-wuikna-softnocut%c2%a8-duoa-powlekana-nitrylem","status":"publish","type":"product","link":"https:\/\/asbhp.pl\/?product=r%c2%a2kawica-dziana-z-wuikna-softnocut%c2%a8-duoa-powlekana-nitrylem","title":{"rendered":"R\u0118KAWICA DZIANA Z W\u0141\u00d3KNA SOFTNOCUT\u00a8 &#8211; D\u0141O\u00c1 POWLEKANA NITRYLEM"},"content":{"rendered":"","protected":false},"excerpt":{"rendered":"<p>R\u0118KAWICA DZIANA Z W\u0141\u00d3KNA SOFTNOCUT\u00a8 &#8211; D\u0141O\u00c1 POWLEKANA NITRYLEM<\/p>\n","protected":false},"featured_media":5893,"comment_status":"closed","ping_status":"closed","template":"","meta":[],"product_brand":[],"product_cat":[97,424],"product_tag":[106],"class_list":{"0":"post-5892","1":"product","2":"type-product","3":"status-publish","4":"has-post-thumbnail","6":"product_cat-rekawice","7":"product_cat-rekawice-ochronne","8":"product_tag-deltaplus","10":"first","11":"instock","12":"purchasable","13":"product-type-simple"},"_links":{"self":[{"href":"https:\/\/asbhp.pl\/index.php?rest_route=\/wp\/v2\/product\/5892","targetHints":{"allow":["GET"]}}],"collection":[{"href":"https:\/\/asbhp.pl\/index.php?rest_route=\/wp\/v2\/product"}],"about":[{"href":"https:\/\/asbhp.pl\/index.php?rest_route=\/wp\/v2\/types\/product"}],"replies":[{"embeddable":true,"href":"https:\/\/asbhp.pl\/index.php?rest_route=%2Fwp%2Fv2%2Fcomments&post=5892"}],"wp:featuredmedia":[{"embeddable":true,"href":"https:\/\/asbhp.pl\/index.php?rest_route=\/wp\/v2\/media\/5893"}],"wp:attachment":[{"href":"https:\/\/asbhp.pl\/index.php?rest_route=%2Fwp%2Fv2%2Fmedia&parent=5892"}],"wp:term":[{"taxonomy":"product_brand","embeddable":true,"href":"https:\/\/asbhp.pl\/index.php?rest_route=%2Fwp%2Fv2%2Fproduct_brand&post=5892"},{"taxonomy":"product_cat","embeddable":true,"href":"https:\/\/asbhp.pl\/index.php?rest_route=%2Fwp%2Fv2%2Fproduct_cat&post=5892"},{"taxonomy":"product_tag","embeddable":true,"href":"https:\/\/asbhp.pl\/index.php?rest_route=%2Fwp%2Fv2%2Fproduct_tag&post=5892"}],"curies":[{"name":"wp","href":"https:\/\/api.w.org\/{rel}","templated":true}]}}