{"id":5931,"date":"2019-09-24T21:53:31","date_gmt":"2019-09-24T19:53:31","guid":{"rendered":"http:\/\/www.asbhp.pl\/produkt\/r%c2%a2kawica-dziana-z-wuikna-taeki%c2%a85-powuoka-z-lateksu\/"},"modified":"2025-10-11T21:21:18","modified_gmt":"2025-10-11T19:21:18","slug":"r%c2%a2kawica-dziana-z-wuikna-taeki%c2%a85-powuoka-z-lateksu","status":"publish","type":"product","link":"https:\/\/asbhp.pl\/?product=r%c2%a2kawica-dziana-z-wuikna-taeki%c2%a85-powuoka-z-lateksu","title":{"rendered":"R\u0118KAWICA DZIANA Z W\u0141\u00d3KNA TAEKI\u00a85 &#8211; POW\u0141OKA Z LATEKSU"},"content":{"rendered":"","protected":false},"excerpt":{"rendered":"<p>R\u0118KAWICA DZIANA Z W\u0141\u00d3KNA TAEKI\u00a85 &#8211; POW\u0141OKA Z LATEKSU<\/p>\n","protected":false},"featured_media":5932,"comment_status":"closed","ping_status":"closed","template":"","meta":[],"product_brand":[],"product_cat":[97,424],"product_tag":[106],"class_list":{"0":"post-5931","1":"product","2":"type-product","3":"status-publish","4":"has-post-thumbnail","6":"product_cat-rekawice","7":"product_cat-rekawice-ochronne","8":"product_tag-deltaplus","10":"first","11":"instock","12":"purchasable","13":"product-type-simple"},"_links":{"self":[{"href":"https:\/\/asbhp.pl\/index.php?rest_route=\/wp\/v2\/product\/5931","targetHints":{"allow":["GET"]}}],"collection":[{"href":"https:\/\/asbhp.pl\/index.php?rest_route=\/wp\/v2\/product"}],"about":[{"href":"https:\/\/asbhp.pl\/index.php?rest_route=\/wp\/v2\/types\/product"}],"replies":[{"embeddable":true,"href":"https:\/\/asbhp.pl\/index.php?rest_route=%2Fwp%2Fv2%2Fcomments&post=5931"}],"wp:featuredmedia":[{"embeddable":true,"href":"https:\/\/asbhp.pl\/index.php?rest_route=\/wp\/v2\/media\/5932"}],"wp:attachment":[{"href":"https:\/\/asbhp.pl\/index.php?rest_route=%2Fwp%2Fv2%2Fmedia&parent=5931"}],"wp:term":[{"taxonomy":"product_brand","embeddable":true,"href":"https:\/\/asbhp.pl\/index.php?rest_route=%2Fwp%2Fv2%2Fproduct_brand&post=5931"},{"taxonomy":"product_cat","embeddable":true,"href":"https:\/\/asbhp.pl\/index.php?rest_route=%2Fwp%2Fv2%2Fproduct_cat&post=5931"},{"taxonomy":"product_tag","embeddable":true,"href":"https:\/\/asbhp.pl\/index.php?rest_route=%2Fwp%2Fv2%2Fproduct_tag&post=5931"}],"curies":[{"name":"wp","href":"https:\/\/api.w.org\/{rel}","templated":true}]}}