{"id":699,"date":"2025-04-05T18:18:44","date_gmt":"2025-04-05T16:18:44","guid":{"rendered":"http:\/\/www.asbhp.pl\/produkt\/polbut-r03-s3-src\/"},"modified":"2025-06-14T18:21:45","modified_gmt":"2025-06-14T16:21:45","slug":"polbut-r03-s3-src","status":"publish","type":"product","link":"https:\/\/asbhp.pl\/?product=polbut-r03-s3-src","title":{"rendered":"P\u00d3\u0141BUT R03 S3 SRC"},"content":{"rendered":"<p>p\u00f3\u0142but,<\/p>\n<p>&nbsp;<\/p>\n<p>Zost\u0119pne warianty:<\/p>\n","protected":false},"excerpt":{"rendered":"<p>p\u00f3\u0142but, &nbsp; Zost\u0119pne warianty:<\/p>\n","protected":false},"featured_media":323,"comment_status":"closed","ping_status":"open","template":"","meta":[],"product_brand":[413],"product_cat":[21,46],"product_tag":[408],"class_list":{"0":"post-699","1":"product","2":"type-product","3":"status-publish","4":"has-post-thumbnail","6":"product_brand-polstar","7":"product_cat-obuwie-robocze","8":"product_cat-polbuty","9":"product_tag-polstar-holding-woloszczuk-sp-k","11":"first","12":"instock","13":"purchasable","14":"product-type-simple"},"_links":{"self":[{"href":"https:\/\/asbhp.pl\/index.php?rest_route=\/wp\/v2\/product\/699","targetHints":{"allow":["GET"]}}],"collection":[{"href":"https:\/\/asbhp.pl\/index.php?rest_route=\/wp\/v2\/product"}],"about":[{"href":"https:\/\/asbhp.pl\/index.php?rest_route=\/wp\/v2\/types\/product"}],"replies":[{"embeddable":true,"href":"https:\/\/asbhp.pl\/index.php?rest_route=%2Fwp%2Fv2%2Fcomments&post=699"}],"wp:featuredmedia":[{"embeddable":true,"href":"https:\/\/asbhp.pl\/index.php?rest_route=\/wp\/v2\/media\/323"}],"wp:attachment":[{"href":"https:\/\/asbhp.pl\/index.php?rest_route=%2Fwp%2Fv2%2Fmedia&parent=699"}],"wp:term":[{"taxonomy":"product_brand","embeddable":true,"href":"https:\/\/asbhp.pl\/index.php?rest_route=%2Fwp%2Fv2%2Fproduct_brand&post=699"},{"taxonomy":"product_cat","embeddable":true,"href":"https:\/\/asbhp.pl\/index.php?rest_route=%2Fwp%2Fv2%2Fproduct_cat&post=699"},{"taxonomy":"product_tag","embeddable":true,"href":"https:\/\/asbhp.pl\/index.php?rest_route=%2Fwp%2Fv2%2Fproduct_tag&post=699"}],"curies":[{"name":"wp","href":"https:\/\/api.w.org\/{rel}","templated":true}]}}